{"id":5651,"date":"2026-02-05T11:15:49","date_gmt":"2026-02-05T11:15:49","guid":{"rendered":"https:\/\/occo.pt\/?post_type=mec-events&#038;p=5651"},"modified":"2026-03-05T10:40:20","modified_gmt":"2026-03-05T10:40:20","slug":"a-occo-convida-recital-2026-05-16","status":"publish","type":"mec-events","link":"https:\/\/occo.pt\/en\/events\/a-occo-convida-recital-2026-05-16\/","title":{"rendered":"A OCCO CONVIDA"},"content":{"rendered":"<p><strong>D. Scarlatti<\/strong> | Sonata em Si menor, K. 27<br \/>\n<strong>P. Hindemith<\/strong> | Sonata para Harpa: I. Moderadamente r\u00e1pido; II. Animado; III. Lied \u00abV\u00f3s, amigos, esperais\u00bb \u2013 Muito lento<br \/>\n<strong>L. C. Daquin<\/strong> | Pe\u00e7as para Cravo, Su\u00edte n.\u00ba 3: I. O Cuco<br \/>\n<strong>M. Glinka \/ M. Balakirev<\/strong> | A Cotovia<br \/>\n<strong>J. de La Presle<\/strong> | O Jardim Molhado<br \/>\n<strong>H. Reni\u00e9<\/strong> | Pe\u00e7a Sinf\u00f3nica em Tr\u00eas Epis\u00f3dios: Introdu\u00e7\u00e3o \u2013 Marcha f\u00fanebre \u2013 Appassionata<\/p>\n<p>Beatriz Cortes\u00e3o \u2013 harpa<\/p>\n","protected":false},"excerpt":{"rendered":"<p>D. Scarlatti | Sonata em Si menor, K. 27 P. Hindemith | Sonata para Harpa: I. Moderadamente r\u00e1pido; II. Animado; III. Lied \u00abV\u00f3s, amigos, esperais\u00bb \u2013<span class=\"excerpt-hellip\"> [\u2026]<\/span><\/p>\n","protected":false},"author":2,"featured_media":5695,"comment_status":"open","ping_status":"closed","template":"","meta":{"_vp_format_video_url":"","_vp_image_focal_point":[]},"tags":[],"mec_category":[13],"yoast_head":"<!-- This site is optimized with the Yoast SEO plugin v19.13 - https:\/\/yoast.com\/wordpress\/plugins\/seo\/ -->\n<title>A OCCO CONVIDA - occo<\/title>\n<meta name=\"robots\" content=\"index, follow, max-snippet:-1, max-image-preview:large, max-video-preview:-1\" \/>\n<link rel=\"canonical\" href=\"https:\/\/occo.pt\/events\/a-occo-convida-recital-2026-05-16\/\" \/>\n<meta property=\"og:locale\" content=\"en_US\" \/>\n<meta property=\"og:type\" content=\"article\" \/>\n<meta property=\"og:title\" content=\"A OCCO CONVIDA - occo\" \/>\n<meta property=\"og:description\" content=\"D. Scarlatti | Sonata em Si menor, K. 27 P. Hindemith | Sonata para Harpa: I. Moderadamente r\u00e1pido; II. Animado; III. Lied \u00abV\u00f3s, amigos, esperais\u00bb \u2013 [\u2026]\" \/>\n<meta property=\"og:url\" content=\"https:\/\/occo.pt\/events\/a-occo-convida-recital-2026-05-16\/\" \/>\n<meta property=\"og:site_name\" content=\"occo\" \/>\n<meta property=\"article:modified_time\" content=\"2026-03-05T10:40:20+00:00\" \/>\n<meta property=\"og:image\" content=\"https:\/\/occo.pt\/wp-content\/uploads\/2026\/02\/beatriz-cortesao-thumbnail.jpg\" \/>\n\t<meta property=\"og:image:width\" content=\"1667\" \/>\n\t<meta property=\"og:image:height\" content=\"1110\" \/>\n\t<meta property=\"og:image:type\" content=\"image\/jpeg\" \/>\n<meta name=\"twitter:card\" content=\"summary_large_image\" \/>\n<meta name=\"twitter:label1\" content=\"Est. reading time\" \/>\n\t<meta name=\"twitter:data1\" content=\"1 minute\" \/>\n<script type=\"application\/ld+json\" class=\"yoast-schema-graph\">{\"@context\":\"https:\/\/schema.org\",\"@graph\":[{\"@type\":\"WebPage\",\"@id\":\"https:\/\/occo.pt\/events\/a-occo-convida-recital-2026-05-16\/\",\"url\":\"https:\/\/occo.pt\/events\/a-occo-convida-recital-2026-05-16\/\",\"name\":\"A OCCO CONVIDA - occo\",\"isPartOf\":{\"@id\":\"https:\/\/occo.pt\/en\/#website\"},\"datePublished\":\"2026-02-05T11:15:49+00:00\",\"dateModified\":\"2026-03-05T10:40:20+00:00\",\"breadcrumb\":{\"@id\":\"https:\/\/occo.pt\/events\/a-occo-convida-recital-2026-05-16\/#breadcrumb\"},\"inLanguage\":\"en-US\",\"potentialAction\":[{\"@type\":\"ReadAction\",\"target\":[\"https:\/\/occo.pt\/events\/a-occo-convida-recital-2026-05-16\/\"]}]},{\"@type\":\"BreadcrumbList\",\"@id\":\"https:\/\/occo.pt\/events\/a-occo-convida-recital-2026-05-16\/#breadcrumb\",\"itemListElement\":[{\"@type\":\"ListItem\",\"position\":1,\"name\":\"In\u00edcio\",\"item\":\"https:\/\/occo.pt\/en\/\"},{\"@type\":\"ListItem\",\"position\":2,\"name\":\"Events\",\"item\":\"https:\/\/occo.pt\/events\/\"},{\"@type\":\"ListItem\",\"position\":3,\"name\":\"A OCCO CONVIDA\"}]},{\"@type\":\"WebSite\",\"@id\":\"https:\/\/occo.pt\/en\/#website\",\"url\":\"https:\/\/occo.pt\/en\/\",\"name\":\"occo\",\"description\":\"Orquestra de C\u00e2mara de Cascais e Oeiras\",\"potentialAction\":[{\"@type\":\"SearchAction\",\"target\":{\"@type\":\"EntryPoint\",\"urlTemplate\":\"https:\/\/occo.pt\/en\/?s={search_term_string}\"},\"query-input\":\"required name=search_term_string\"}],\"inLanguage\":\"en-US\"}]}<\/script>\n<!-- \/ Yoast SEO plugin. -->","yoast_head_json":{"title":"A OCCO CONVIDA - occo","robots":{"index":"index","follow":"follow","max-snippet":"max-snippet:-1","max-image-preview":"max-image-preview:large","max-video-preview":"max-video-preview:-1"},"canonical":"https:\/\/occo.pt\/events\/a-occo-convida-recital-2026-05-16\/","og_locale":"en_US","og_type":"article","og_title":"A OCCO CONVIDA - occo","og_description":"D. Scarlatti | Sonata em Si menor, K. 27 P. Hindemith | Sonata para Harpa: I. Moderadamente r\u00e1pido; II. Animado; III. Lied \u00abV\u00f3s, amigos, esperais\u00bb \u2013 [\u2026]","og_url":"https:\/\/occo.pt\/events\/a-occo-convida-recital-2026-05-16\/","og_site_name":"occo","article_modified_time":"2026-03-05T10:40:20+00:00","og_image":[{"width":1667,"height":1110,"url":"https:\/\/occo.pt\/wp-content\/uploads\/2026\/02\/beatriz-cortesao-thumbnail.jpg","type":"image\/jpeg"}],"twitter_card":"summary_large_image","twitter_misc":{"Est. reading time":"1 minute"},"schema":{"@context":"https:\/\/schema.org","@graph":[{"@type":"WebPage","@id":"https:\/\/occo.pt\/events\/a-occo-convida-recital-2026-05-16\/","url":"https:\/\/occo.pt\/events\/a-occo-convida-recital-2026-05-16\/","name":"A OCCO CONVIDA - occo","isPartOf":{"@id":"https:\/\/occo.pt\/en\/#website"},"datePublished":"2026-02-05T11:15:49+00:00","dateModified":"2026-03-05T10:40:20+00:00","breadcrumb":{"@id":"https:\/\/occo.pt\/events\/a-occo-convida-recital-2026-05-16\/#breadcrumb"},"inLanguage":"en-US","potentialAction":[{"@type":"ReadAction","target":["https:\/\/occo.pt\/events\/a-occo-convida-recital-2026-05-16\/"]}]},{"@type":"BreadcrumbList","@id":"https:\/\/occo.pt\/events\/a-occo-convida-recital-2026-05-16\/#breadcrumb","itemListElement":[{"@type":"ListItem","position":1,"name":"In\u00edcio","item":"https:\/\/occo.pt\/en\/"},{"@type":"ListItem","position":2,"name":"Events","item":"https:\/\/occo.pt\/events\/"},{"@type":"ListItem","position":3,"name":"A OCCO CONVIDA"}]},{"@type":"WebSite","@id":"https:\/\/occo.pt\/en\/#website","url":"https:\/\/occo.pt\/en\/","name":"occo","description":"Orquestra de C\u00e2mara de Cascais e Oeiras","potentialAction":[{"@type":"SearchAction","target":{"@type":"EntryPoint","urlTemplate":"https:\/\/occo.pt\/en\/?s={search_term_string}"},"query-input":"required name=search_term_string"}],"inLanguage":"en-US"}]}},"all_meta":{"_vp_words_count":"75","_thumbnail_id":"5695","_wpml_location_migration_done":"1","_wpml_word_count":"{\"total\":85,\"to_translate\":{\"en\":85}}","_wpml_media_featured":"0","_wpml_media_duplicate":"0","mec_date":{"start":{"date":"2026-05-16","hour":"6","minutes":"0","ampm":"PM"},"end":{"date":"2026-05-16","hour":"7","minutes":"0","ampm":"PM"},"hide_end_time":"1","comment":"","repeat":{"type":"daily","interval":"1","advanced":"","end":"never","end_at_date":"","end_at_occurrences":"10"}},"_edit_last":"2","mec_start_day_seconds":"64800","mec_event_status":"EventScheduled","mec_moved_online_link":"","mec_fields":[],"mec_start_time_minutes":"0","mec_color":"","mec_location_id":"84","mec_dont_show_map":"0","mec_organizer_id":"1","mec_start_time_hour":"6","mec_sequence":"60","mec_end_date":"2026-05-16","mec_end_time_minutes":"0","mec_end_datetime":"2026-05-16 07:00 PM","mec_end_day_seconds":"68400","mec_currency":[],"mec_additional_organizer_ids":[],"mec_bfixed_fields":[],"mec_booking":[],"mec_ticket_variations_global_inheritance":"1","mec_end_time_ampm":"PM","mec_tickets":[],"mec_cancelled_reason":"","mec_fees_global_inheritance":"1","_yoast_wpseo_wordproof_timestamp":"","mec_display_cancellation_reason_in_single_page":"","_yoast_wpseo_primary_mec_category":"13","rs_page_bg_color":"","slide_template":"","_yoast_wpseo_estimated-reading-time-minutes":"1","_yoast_wpseo_content_score":"90","mec_ticket_variations":[],"mec_hourly_schedules":[],"mec_advanced_days":[],"mec_not_in_days":"","mec_repeat_end_at_occurrences":"","mec_in_days":"","mec_repeat_type":"","mec_repeat_end_at_date":"","mec_start_date":"2026-05-16","mec_start_time_ampm":"PM","mec_timezone":"global","mec_start_datetime":"2026-05-16 06:00 PM","mec_more_info_title":"","mec_repeat_end":"","mec_comment":"","mec_repeat_status":"0","mec_repeat":{"type":"daily","interval":"1","advanced":"","end":"never","end_at_date":"","end_at_occurrences":"10"},"mec_repeat_interval":"1","mec_hide_end_time":"1","mec_certain_weekdays":[],"mec_more_info":"https:\/\/www.bol.pt\/Comprar\/Bilhetes\/173780-recital_a_occo_convida-museu_musica_portuguesa\/","mec_cost_auto_calculate":"0","mec_cost":"","mec_more_info_target":"_self","mec_public":"1","mec_countdown_method":"global","mec_reg_fields":[],"mec_op":[],"one_occurrence":"0","mec_fees":[],"mec_reg_fields_global_inheritance":"1","mec_read_more":"","mec_new_event_notif_sent":"1","mec_event_date_submit":"20230815224941","_vp_views_count":"2126","mec_end_time_hour":"7","_edit_lock":"1772707083:2","mec_allday":"0","mec_additional_location_ids":[],"mec_hide_time":"0"},"_links":{"self":[{"href":"https:\/\/occo.pt\/en\/wp-json\/wp\/v2\/mec-events\/5651"}],"collection":[{"href":"https:\/\/occo.pt\/en\/wp-json\/wp\/v2\/mec-events"}],"about":[{"href":"https:\/\/occo.pt\/en\/wp-json\/wp\/v2\/types\/mec-events"}],"author":[{"embeddable":true,"href":"https:\/\/occo.pt\/en\/wp-json\/wp\/v2\/users\/2"}],"replies":[{"embeddable":true,"href":"https:\/\/occo.pt\/en\/wp-json\/wp\/v2\/comments?post=5651"}],"wp:featuredmedia":[{"embeddable":true,"href":"https:\/\/occo.pt\/en\/wp-json\/wp\/v2\/media\/5695"}],"wp:attachment":[{"href":"https:\/\/occo.pt\/en\/wp-json\/wp\/v2\/media?parent=5651"}],"wp:term":[{"taxonomy":"post_tag","embeddable":true,"href":"https:\/\/occo.pt\/en\/wp-json\/wp\/v2\/tags?post=5651"},{"taxonomy":"mec_category","embeddable":true,"href":"https:\/\/occo.pt\/en\/wp-json\/wp\/v2\/mec_category?post=5651"}],"curies":[{"name":"wp","href":"https:\/\/api.w.org\/{rel}","templated":true}]}}

<p><strong>D. Scarlatti</strong> | Sonata em Si menor, K. 27<br />
<strong>P. Hindemith</strong> | Sonata para Harpa: I. Moderadamente rápido; II. Animado; III. Lied «Vós, amigos, esperais» – Muito lento<br />
<strong>L. C. Daquin</strong> | Peças para Cravo, Suíte n.º 3: I. O Cuco<br />
<strong>M. Glinka / M. Balakirev</strong> | A Cotovia<br />
<strong>J. de La Presle</strong> | O Jardim Molhado<br />
<strong>H. Renié</strong> | Peça Sinfónica em Três Episódios: Introdução – Marcha fúnebre – Appassionata</p>
<p>Beatriz Cortesão – harpa</p>

<p>D. Scarlatti | Sonata em Si menor, K. 27 P. Hindemith | Sonata para Harpa: I. Moderadamente rápido; II. Animado; III. Lied «Vós, amigos, esperais» –<span class="excerpt-hellip"> […]</span></p>

<!-- This site is optimized with the Yoast SEO plugin v19.13 - https://yoast.com/wordpress/plugins/seo/ -->
<title>A OCCO CONVIDA - occo</title>
<meta name="robots" content="index, follow, max-snippet:-1, max-image-preview:large, max-video-preview:-1" />
<link rel="canonical" href="https://occo.pt/events/a-occo-convida-recital-2026-05-16/" />
<meta property="og:locale" content="en_US" />
<meta property="og:type" content="article" />
<meta property="og:title" content="A OCCO CONVIDA - occo" />
<meta property="og:description" content="D. Scarlatti | Sonata em Si menor, K. 27 P. Hindemith | Sonata para Harpa: I. Moderadamente rápido; II. Animado; III. Lied «Vós, amigos, esperais» – […]" />
<meta property="og:url" content="https://occo.pt/events/a-occo-convida-recital-2026-05-16/" />
<meta property="og:site_name" content="occo" />
<meta property="article:modified_time" content="2026-03-05T10:40:20+00:00" />
<meta property="og:image" content="https://occo.pt/wp-content/uploads/2026/02/beatriz-cortesao-thumbnail.jpg" />
	<meta property="og:image:width" content="1667" />
	<meta property="og:image:height" content="1110" />
	<meta property="og:image:type" content="image/jpeg" />
<meta name="twitter:card" content="summary_large_image" />
<meta name="twitter:label1" content="Est. reading time" />
	<meta name="twitter:data1" content="1 minute" />
<script type="application/ld+json" class="yoast-schema-graph">{"@context":"https://schema.org","@graph":[{"@type":"WebPage","@id":"https://occo.pt/events/a-occo-convida-recital-2026-05-16/","url":"https://occo.pt/events/a-occo-convida-recital-2026-05-16/","name":"A OCCO CONVIDA - occo","isPartOf":{"@id":"https://occo.pt/en/#website"},"datePublished":"2026-02-05T11:15:49+00:00","dateModified":"2026-03-05T10:40:20+00:00","breadcrumb":{"@id":"https://occo.pt/events/a-occo-convida-recital-2026-05-16/#breadcrumb"},"inLanguage":"en-US","potentialAction":[{"@type":"ReadAction","target":["https://occo.pt/events/a-occo-convida-recital-2026-05-16/"]}]},{"@type":"BreadcrumbList","@id":"https://occo.pt/events/a-occo-convida-recital-2026-05-16/#breadcrumb","itemListElement":[{"@type":"ListItem","position":1,"name":"Início","item":"https://occo.pt/en/"},{"@type":"ListItem","position":2,"name":"Events","item":"https://occo.pt/events/"},{"@type":"ListItem","position":3,"name":"A OCCO CONVIDA"}]},{"@type":"WebSite","@id":"https://occo.pt/en/#website","url":"https://occo.pt/en/","name":"occo","description":"Orquestra de Câmara de Cascais e Oeiras","potentialAction":[{"@type":"SearchAction","target":{"@type":"EntryPoint","urlTemplate":"https://occo.pt/en/?s={search_term_string}"},"query-input":"required name=search_term_string"}],"inLanguage":"en-US"}]}</script>
<!-- / Yoast SEO plugin. -->

D. Scarlatti | Sonata em Si menor, K. 27 P. Hindemith | Sonata para Harpa: I. Moderadamente rápido; II. Animado; III. Lied «Vós, amigos, esperais» – […]

Início

Orquestra de Câmara de Cascais e Oeiras
