{"id":5311,"date":"2025-09-21T16:05:19","date_gmt":"2025-09-21T16:05:19","guid":{"rendered":"https:\/\/occo.pt\/?post_type=mec-events&#038;p=5311"},"modified":"2025-10-10T14:47:33","modified_gmt":"2025-10-10T14:47:33","slug":"concerto-didatico-para-pais-e-filhos-6-968-520","status":"publish","type":"mec-events","link":"https:\/\/occo.pt\/en\/events\/concerto-didatico-para-pais-e-filhos-6-968-520\/","title":{"rendered":"Concerto Did\u00e1tico para Pais e Filhos"},"content":{"rendered":"<h5 class=\"p1\">O ABC da M\u00fasica<\/h5>\n<p class=\"p1\"><strong>A. Vivaldi<\/strong> | As Quatro Esta\u00e7\u00f5es<\/p>\n<p class=\"p1\"><strong>G. Fr. Teleman<\/strong>n | Suite Dom Quixote<\/p>\n<p class=\"p1\"><strong>L. Anderson<\/strong> | Dan\u00e7a do Gato e Rel\u00f3gio<\/p>\n<p class=\"p1\"><strong>Direc\u00e7\u00e3o Art\u00edstica e Coment\u00e1rios<\/strong> | Maestro Nikolay Lalov<\/p>\n<p class=\"p2\">Solistas da Orquestra de C\u00e2mara de Cascais e Oeiras<\/p>\n","protected":false},"excerpt":{"rendered":"<p>O ABC da M\u00fasica A. Vivaldi | As Quatro Esta\u00e7\u00f5es G. Fr. Telemann | Suite Dom Quixote L. Anderson | Dan\u00e7a do Gato e Rel\u00f3gio Direc\u00e7\u00e3o<span class=\"excerpt-hellip\"> [\u2026]<\/span><\/p>\n","protected":false},"author":2,"featured_media":2798,"comment_status":"open","ping_status":"closed","template":"","meta":{"_vp_format_video_url":"","_vp_image_focal_point":[]},"tags":[],"mec_category":[95],"yoast_head":"<!-- This site is optimized with the Yoast SEO plugin v19.13 - https:\/\/yoast.com\/wordpress\/plugins\/seo\/ -->\n<title>Concerto Did\u00e1tico para Pais e Filhos - occo<\/title>\n<meta name=\"robots\" content=\"index, follow, max-snippet:-1, max-image-preview:large, max-video-preview:-1\" \/>\n<link rel=\"canonical\" href=\"https:\/\/occo.pt\/events\/concerto-didatico-para-pais-e-filhos-6-968-520\/\" \/>\n<meta property=\"og:locale\" content=\"en_US\" \/>\n<meta property=\"og:type\" content=\"article\" \/>\n<meta property=\"og:title\" content=\"Concerto Did\u00e1tico para Pais e Filhos - occo\" \/>\n<meta property=\"og:description\" content=\"O ABC da M\u00fasica A. Vivaldi | As Quatro Esta\u00e7\u00f5es G. Fr. Telemann | Suite Dom Quixote L. Anderson | Dan\u00e7a do Gato e Rel\u00f3gio Direc\u00e7\u00e3o [\u2026]\" \/>\n<meta property=\"og:url\" content=\"https:\/\/occo.pt\/events\/concerto-didatico-para-pais-e-filhos-6-968-520\/\" \/>\n<meta property=\"og:site_name\" content=\"occo\" \/>\n<meta property=\"article:modified_time\" content=\"2025-10-10T14:47:33+00:00\" \/>\n<meta property=\"og:image\" content=\"https:\/\/occo.pt\/wp-content\/uploads\/2023\/04\/pexels-yan-krukau-8519712-scaled-e1714099446446.jpg\" \/>\n\t<meta property=\"og:image:width\" content=\"800\" \/>\n\t<meta property=\"og:image:height\" content=\"533\" \/>\n\t<meta property=\"og:image:type\" content=\"image\/jpeg\" \/>\n<meta name=\"twitter:card\" content=\"summary_large_image\" \/>\n<meta name=\"twitter:label1\" content=\"Est. reading time\" \/>\n\t<meta name=\"twitter:data1\" content=\"1 minute\" \/>\n<script type=\"application\/ld+json\" class=\"yoast-schema-graph\">{\"@context\":\"https:\/\/schema.org\",\"@graph\":[{\"@type\":\"WebPage\",\"@id\":\"https:\/\/occo.pt\/events\/concerto-didatico-para-pais-e-filhos-6-968-520\/\",\"url\":\"https:\/\/occo.pt\/events\/concerto-didatico-para-pais-e-filhos-6-968-520\/\",\"name\":\"Concerto Did\u00e1tico para Pais e Filhos - occo\",\"isPartOf\":{\"@id\":\"https:\/\/occo.pt\/en\/#website\"},\"datePublished\":\"2025-09-21T16:05:19+00:00\",\"dateModified\":\"2025-10-10T14:47:33+00:00\",\"breadcrumb\":{\"@id\":\"https:\/\/occo.pt\/events\/concerto-didatico-para-pais-e-filhos-6-968-520\/#breadcrumb\"},\"inLanguage\":\"en-US\",\"potentialAction\":[{\"@type\":\"ReadAction\",\"target\":[\"https:\/\/occo.pt\/events\/concerto-didatico-para-pais-e-filhos-6-968-520\/\"]}]},{\"@type\":\"BreadcrumbList\",\"@id\":\"https:\/\/occo.pt\/events\/concerto-didatico-para-pais-e-filhos-6-968-520\/#breadcrumb\",\"itemListElement\":[{\"@type\":\"ListItem\",\"position\":1,\"name\":\"In\u00edcio\",\"item\":\"https:\/\/occo.pt\/en\/\"},{\"@type\":\"ListItem\",\"position\":2,\"name\":\"Events\",\"item\":\"https:\/\/occo.pt\/events\/\"},{\"@type\":\"ListItem\",\"position\":3,\"name\":\"Concerto Did\u00e1tico para Pais e Filhos\"}]},{\"@type\":\"WebSite\",\"@id\":\"https:\/\/occo.pt\/en\/#website\",\"url\":\"https:\/\/occo.pt\/en\/\",\"name\":\"occo\",\"description\":\"Orquestra de C\u00e2mara de Cascais e Oeiras\",\"potentialAction\":[{\"@type\":\"SearchAction\",\"target\":{\"@type\":\"EntryPoint\",\"urlTemplate\":\"https:\/\/occo.pt\/en\/?s={search_term_string}\"},\"query-input\":\"required name=search_term_string\"}],\"inLanguage\":\"en-US\"}]}<\/script>\n<!-- \/ Yoast SEO plugin. -->","yoast_head_json":{"title":"Concerto Did\u00e1tico para Pais e Filhos - occo","robots":{"index":"index","follow":"follow","max-snippet":"max-snippet:-1","max-image-preview":"max-image-preview:large","max-video-preview":"max-video-preview:-1"},"canonical":"https:\/\/occo.pt\/events\/concerto-didatico-para-pais-e-filhos-6-968-520\/","og_locale":"en_US","og_type":"article","og_title":"Concerto Did\u00e1tico para Pais e Filhos - occo","og_description":"O ABC da M\u00fasica A. Vivaldi | As Quatro Esta\u00e7\u00f5es G. Fr. Telemann | Suite Dom Quixote L. Anderson | Dan\u00e7a do Gato e Rel\u00f3gio Direc\u00e7\u00e3o [\u2026]","og_url":"https:\/\/occo.pt\/events\/concerto-didatico-para-pais-e-filhos-6-968-520\/","og_site_name":"occo","article_modified_time":"2025-10-10T14:47:33+00:00","og_image":[{"width":800,"height":533,"url":"https:\/\/occo.pt\/wp-content\/uploads\/2023\/04\/pexels-yan-krukau-8519712-scaled-e1714099446446.jpg","type":"image\/jpeg"}],"twitter_card":"summary_large_image","twitter_misc":{"Est. reading time":"1 minute"},"schema":{"@context":"https:\/\/schema.org","@graph":[{"@type":"WebPage","@id":"https:\/\/occo.pt\/events\/concerto-didatico-para-pais-e-filhos-6-968-520\/","url":"https:\/\/occo.pt\/events\/concerto-didatico-para-pais-e-filhos-6-968-520\/","name":"Concerto Did\u00e1tico para Pais e Filhos - occo","isPartOf":{"@id":"https:\/\/occo.pt\/en\/#website"},"datePublished":"2025-09-21T16:05:19+00:00","dateModified":"2025-10-10T14:47:33+00:00","breadcrumb":{"@id":"https:\/\/occo.pt\/events\/concerto-didatico-para-pais-e-filhos-6-968-520\/#breadcrumb"},"inLanguage":"en-US","potentialAction":[{"@type":"ReadAction","target":["https:\/\/occo.pt\/events\/concerto-didatico-para-pais-e-filhos-6-968-520\/"]}]},{"@type":"BreadcrumbList","@id":"https:\/\/occo.pt\/events\/concerto-didatico-para-pais-e-filhos-6-968-520\/#breadcrumb","itemListElement":[{"@type":"ListItem","position":1,"name":"In\u00edcio","item":"https:\/\/occo.pt\/en\/"},{"@type":"ListItem","position":2,"name":"Events","item":"https:\/\/occo.pt\/events\/"},{"@type":"ListItem","position":3,"name":"Concerto Did\u00e1tico para Pais e Filhos"}]},{"@type":"WebSite","@id":"https:\/\/occo.pt\/en\/#website","url":"https:\/\/occo.pt\/en\/","name":"occo","description":"Orquestra de C\u00e2mara de Cascais e Oeiras","potentialAction":[{"@type":"SearchAction","target":{"@type":"EntryPoint","urlTemplate":"https:\/\/occo.pt\/en\/?s={search_term_string}"},"query-input":"required name=search_term_string"}],"inLanguage":"en-US"}]}},"all_meta":{"_vp_words_count":["42","42"],"_wpml_media_featured":["1","1"],"_wpml_media_duplicate":["1","1"],"mec_date":{"start":{"date":"2025-11-26","hour":"10","minutes":"0","ampm":"AM"},"end":{"date":"2025-11-26","hour":"11","minutes":"0","ampm":"PM"},"hide_end_time":"1","comment":"","repeat":{"type":"daily","interval":"1","advanced":"","end":"never","end_at_date":"","end_at_occurrences":"10"}},"_edit_last":"2","mec_start_day_seconds":"36000","mec_event_status":"EventScheduled","mec_moved_online_link":"","mec_fields":[],"mec_start_time_minutes":"0","mec_color":"","_thumbnail_id":"2798","mec_location_id":"103","mec_dont_show_map":"0","mec_organizer_id":"1","mec_start_time_hour":"10","mec_sequence":"51","mec_end_date":"2025-11-26","mec_end_time_minutes":"0","mec_end_datetime":"2025-11-26 11:00 PM","mec_end_day_seconds":"82800","mec_currency":[],"mec_additional_organizer_ids":[],"mec_bfixed_fields":[],"mec_booking":[],"mec_ticket_variations_global_inheritance":"1","mec_end_time_ampm":"PM","mec_tickets":[],"mec_cancelled_reason":"","mec_fees_global_inheritance":"1","_yoast_wpseo_wordproof_timestamp":"","mec_display_cancellation_reason_in_single_page":"","_yoast_wpseo_primary_mec_category":"95","rs_page_bg_color":"","slide_template":"","_yoast_wpseo_estimated-reading-time-minutes":"1","_yoast_wpseo_content_score":"90","mec_ticket_variations":[],"mec_hourly_schedules":[],"mec_advanced_days":[],"mec_not_in_days":"","mec_repeat_end_at_occurrences":"","mec_in_days":"","mec_repeat_type":"","mec_repeat_end_at_date":"","mec_start_date":"2025-11-26","mec_start_time_ampm":"AM","mec_timezone":"global","mec_start_datetime":"2025-11-26 10:00 AM","mec_more_info_title":"","mec_repeat_end":"","mec_comment":"","mec_repeat_status":"0","mec_repeat":{"type":"daily","interval":"1","advanced":"","end":"never","end_at_date":"","end_at_occurrences":"10"},"mec_repeat_interval":"1","mec_hide_end_time":"1","mec_certain_weekdays":[],"mec_more_info":"","mec_cost_auto_calculate":"0","mec_cost":"","mec_more_info_target":"_self","mec_public":"1","mec_countdown_method":"global","mec_reg_fields":[],"mec_op":[],"one_occurrence":"0","mec_fees":[],"mec_reg_fields_global_inheritance":"1","mec_read_more":"","mec_new_event_notif_sent":"1","_wpml_location_migration_done":"1","mec_event_date_submit":"20230815224941","_vp_views_count":"1658","_wpml_word_count":"{\"total\":57,\"to_translate\":{\"en\":57}}","mec_end_time_hour":"11","_edit_lock":"1763219170:2","mec_allday":"0","mec_additional_location_ids":[],"mec_hide_time":"0"},"_links":{"self":[{"href":"https:\/\/occo.pt\/en\/wp-json\/wp\/v2\/mec-events\/5311"}],"collection":[{"href":"https:\/\/occo.pt\/en\/wp-json\/wp\/v2\/mec-events"}],"about":[{"href":"https:\/\/occo.pt\/en\/wp-json\/wp\/v2\/types\/mec-events"}],"author":[{"embeddable":true,"href":"https:\/\/occo.pt\/en\/wp-json\/wp\/v2\/users\/2"}],"replies":[{"embeddable":true,"href":"https:\/\/occo.pt\/en\/wp-json\/wp\/v2\/comments?post=5311"}],"wp:featuredmedia":[{"embeddable":true,"href":"https:\/\/occo.pt\/en\/wp-json\/wp\/v2\/media\/2798"}],"wp:attachment":[{"href":"https:\/\/occo.pt\/en\/wp-json\/wp\/v2\/media?parent=5311"}],"wp:term":[{"taxonomy":"post_tag","embeddable":true,"href":"https:\/\/occo.pt\/en\/wp-json\/wp\/v2\/tags?post=5311"},{"taxonomy":"mec_category","embeddable":true,"href":"https:\/\/occo.pt\/en\/wp-json\/wp\/v2\/mec_category?post=5311"}],"curies":[{"name":"wp","href":"https:\/\/api.w.org\/{rel}","templated":true}]}}

Concerto Didático para Pais e Filhos

<h5 class="p1">O ABC da Música</h5>
<p class="p1"><strong>A. Vivaldi</strong> | As Quatro Estações</p>
<p class="p1"><strong>G. Fr. Teleman</strong>n | Suite Dom Quixote</p>
<p class="p1"><strong>L. Anderson</strong> | Dança do Gato e Relógio</p>
<p class="p1"><strong>Direcção Artística e Comentários</strong> | Maestro Nikolay Lalov</p>
<p class="p2">Solistas da Orquestra de Câmara de Cascais e Oeiras</p>

<p>O ABC da Música A. Vivaldi | As Quatro Estações G. Fr. Telemann | Suite Dom Quixote L. Anderson | Dança do Gato e Relógio Direcção<span class="excerpt-hellip"> […]</span></p>

<!-- This site is optimized with the Yoast SEO plugin v19.13 - https://yoast.com/wordpress/plugins/seo/ -->
<title>Concerto Didático para Pais e Filhos - occo</title>
<meta name="robots" content="index, follow, max-snippet:-1, max-image-preview:large, max-video-preview:-1" />
<link rel="canonical" href="https://occo.pt/events/concerto-didatico-para-pais-e-filhos-6-968-520/" />
<meta property="og:locale" content="en_US" />
<meta property="og:type" content="article" />
<meta property="og:title" content="Concerto Didático para Pais e Filhos - occo" />
<meta property="og:description" content="O ABC da Música A. Vivaldi | As Quatro Estações G. Fr. Telemann | Suite Dom Quixote L. Anderson | Dança do Gato e Relógio Direcção […]" />
<meta property="og:url" content="https://occo.pt/events/concerto-didatico-para-pais-e-filhos-6-968-520/" />
<meta property="og:site_name" content="occo" />
<meta property="article:modified_time" content="2025-10-10T14:47:33+00:00" />
<meta property="og:image" content="https://occo.pt/wp-content/uploads/2023/04/pexels-yan-krukau-8519712-scaled-e1714099446446.jpg" />
	<meta property="og:image:width" content="800" />
	<meta property="og:image:height" content="533" />
	<meta property="og:image:type" content="image/jpeg" />
<meta name="twitter:card" content="summary_large_image" />
<meta name="twitter:label1" content="Est. reading time" />
	<meta name="twitter:data1" content="1 minute" />
<script type="application/ld+json" class="yoast-schema-graph">{"@context":"https://schema.org","@graph":[{"@type":"WebPage","@id":"https://occo.pt/events/concerto-didatico-para-pais-e-filhos-6-968-520/","url":"https://occo.pt/events/concerto-didatico-para-pais-e-filhos-6-968-520/","name":"Concerto Didático para Pais e Filhos - occo","isPartOf":{"@id":"https://occo.pt/en/#website"},"datePublished":"2025-09-21T16:05:19+00:00","dateModified":"2025-10-10T14:47:33+00:00","breadcrumb":{"@id":"https://occo.pt/events/concerto-didatico-para-pais-e-filhos-6-968-520/#breadcrumb"},"inLanguage":"en-US","potentialAction":[{"@type":"ReadAction","target":["https://occo.pt/events/concerto-didatico-para-pais-e-filhos-6-968-520/"]}]},{"@type":"BreadcrumbList","@id":"https://occo.pt/events/concerto-didatico-para-pais-e-filhos-6-968-520/#breadcrumb","itemListElement":[{"@type":"ListItem","position":1,"name":"Início","item":"https://occo.pt/en/"},{"@type":"ListItem","position":2,"name":"Events","item":"https://occo.pt/events/"},{"@type":"ListItem","position":3,"name":"Concerto Didático para Pais e Filhos"}]},{"@type":"WebSite","@id":"https://occo.pt/en/#website","url":"https://occo.pt/en/","name":"occo","description":"Orquestra de Câmara de Cascais e Oeiras","potentialAction":[{"@type":"SearchAction","target":{"@type":"EntryPoint","urlTemplate":"https://occo.pt/en/?s={search_term_string}"},"query-input":"required name=search_term_string"}],"inLanguage":"en-US"}]}</script>
<!-- / Yoast SEO plugin. -->

Concerto Didático para Pais e Filhos - occo

O ABC da Música A. Vivaldi | As Quatro Estações G. Fr. Telemann | Suite Dom Quixote L. Anderson | Dança do Gato e Relógio Direcção […]

Início

Orquestra de Câmara de Cascais e Oeiras
