{"id":5308,"date":"2025-09-19T16:29:50","date_gmt":"2025-09-19T16:29:50","guid":{"rendered":"https:\/\/occo.pt\/events\/temas-do-cancioneiro-portugues\/"},"modified":"2025-09-19T16:29:50","modified_gmt":"2025-09-19T16:29:50","slug":"temas-do-cancioneiro-portugues","status":"publish","type":"mec-events","link":"https:\/\/occo.pt\/en\/events\/temas-do-cancioneiro-portugues\/","title":{"rendered":"TEMAS DO CANCIONEIRO PORTUGU\u00caS"},"content":{"rendered":"<p class=\"p1\">This recital presents works by Portuguese composers who, in different ways, engage with musical tradition and collective memory. From the lyricism of Joly Braga Santos to the contemporary writing of Lu\u00eds de Carvalho, through the expressiveness of Eurico Carrapatoso and S\u00e9rgio Azevedo, the program culminates with reworkings of popular themes collected by Fernando Lopes-Gra\u00e7a, showcasing the richness and diversity of Portuguese music.<\/p>\n<p class=\"p1\"><span class=\"s1\"><b>Joly Braga Santos<\/b><\/span> | <i>Adagio e Scherzino<\/i><i><\/i><\/p>\n<p class=\"p1\"><span class=\"s1\"><b>Lu\u00eds de Carvalho<\/b><\/span> | <i>Quintet for Wind Quintet<\/i><i><\/i><\/p>\n<p class=\"p3\"><b>Eurico Carrapatoso<\/b><span class=\"s2\"> | <i>Five Elegies<\/i><i><\/i><\/span><\/p>\n<p class=\"p3\"><b>S\u00e9rgio Azevedo<\/b><span class=\"s2\"> | <i>Pastorals<\/i><i><\/i><\/span><\/p>\n<p class=\"p3\"><b>Chamber Sketches on Portuguese Folk Themes<\/b><b><\/b><\/p>\n<p class=\"p1\">Collection by Fernando Lopes-Gra\u00e7a,<\/p>\n<p class=\"p1\">Harmonization by Alejandro Erlich Oliva,<\/p>\n<p class=\"p1\">Arrangement for wind quintet by Jo\u00e3o Pereira<\/p>\n<p class=\"p3\"><b>Soloists of the Cascais and Oeiras Chamber Orchestra<\/b><\/p>\n","protected":false},"excerpt":{"rendered":"<p>This recital presents works by Portuguese composers who, in different ways, engage with musical tradition and collective memory. From the lyricism of Joly Braga Santos to<span class=\"excerpt-hellip\"> [\u2026]<\/span><\/p>\n","protected":false},"author":2,"featured_media":5413,"comment_status":"open","ping_status":"closed","template":"","meta":{"_vp_format_video_url":"","_vp_image_focal_point":[]},"tags":[],"mec_category":[70],"yoast_head":"<!-- This site is optimized with the Yoast SEO plugin v19.13 - https:\/\/yoast.com\/wordpress\/plugins\/seo\/ -->\n<title>TEMAS DO CANCIONEIRO PORTUGU\u00caS - occo<\/title>\n<meta name=\"robots\" content=\"index, follow, max-snippet:-1, max-image-preview:large, max-video-preview:-1\" \/>\n<link rel=\"canonical\" href=\"https:\/\/occo.pt\/events\/temas-do-cancioneiro-portugues\/\" \/>\n<meta property=\"og:locale\" content=\"en_US\" \/>\n<meta property=\"og:type\" content=\"article\" \/>\n<meta property=\"og:title\" content=\"TEMAS DO CANCIONEIRO PORTUGU\u00caS - occo\" \/>\n<meta property=\"og:description\" content=\"This recital presents works by Portuguese composers who, in different ways, engage with musical tradition and collective memory. From the lyricism of Joly Braga Santos to [\u2026]\" \/>\n<meta property=\"og:url\" content=\"https:\/\/occo.pt\/events\/temas-do-cancioneiro-portugues\/\" \/>\n<meta property=\"og:site_name\" content=\"occo\" \/>\n<meta name=\"twitter:card\" content=\"summary_large_image\" \/>\n<meta name=\"twitter:label1\" content=\"Est. reading time\" \/>\n\t<meta name=\"twitter:data1\" content=\"1 minute\" \/>\n<script type=\"application\/ld+json\" class=\"yoast-schema-graph\">{\"@context\":\"https:\/\/schema.org\",\"@graph\":[{\"@type\":\"WebPage\",\"@id\":\"https:\/\/occo.pt\/events\/temas-do-cancioneiro-portugues\/\",\"url\":\"https:\/\/occo.pt\/events\/temas-do-cancioneiro-portugues\/\",\"name\":\"TEMAS DO CANCIONEIRO PORTUGU\u00caS - occo\",\"isPartOf\":{\"@id\":\"https:\/\/occo.pt\/en\/#website\"},\"datePublished\":\"2025-09-19T16:29:50+00:00\",\"dateModified\":\"2025-09-19T16:29:50+00:00\",\"breadcrumb\":{\"@id\":\"https:\/\/occo.pt\/events\/temas-do-cancioneiro-portugues\/#breadcrumb\"},\"inLanguage\":\"en-US\",\"potentialAction\":[{\"@type\":\"ReadAction\",\"target\":[\"https:\/\/occo.pt\/events\/temas-do-cancioneiro-portugues\/\"]}]},{\"@type\":\"BreadcrumbList\",\"@id\":\"https:\/\/occo.pt\/events\/temas-do-cancioneiro-portugues\/#breadcrumb\",\"itemListElement\":[{\"@type\":\"ListItem\",\"position\":1,\"name\":\"In\u00edcio\",\"item\":\"https:\/\/occo.pt\/en\/\"},{\"@type\":\"ListItem\",\"position\":2,\"name\":\"Events\",\"item\":\"https:\/\/occo.pt\/events\/\"},{\"@type\":\"ListItem\",\"position\":3,\"name\":\"TEMAS DO CANCIONEIRO PORTUGU\u00caS\"}]},{\"@type\":\"WebSite\",\"@id\":\"https:\/\/occo.pt\/en\/#website\",\"url\":\"https:\/\/occo.pt\/en\/\",\"name\":\"occo\",\"description\":\"Orquestra de C\u00e2mara de Cascais e Oeiras\",\"potentialAction\":[{\"@type\":\"SearchAction\",\"target\":{\"@type\":\"EntryPoint\",\"urlTemplate\":\"https:\/\/occo.pt\/en\/?s={search_term_string}\"},\"query-input\":\"required name=search_term_string\"}],\"inLanguage\":\"en-US\"}]}<\/script>\n<!-- \/ Yoast SEO plugin. -->","yoast_head_json":{"title":"TEMAS DO CANCIONEIRO PORTUGU\u00caS - occo","robots":{"index":"index","follow":"follow","max-snippet":"max-snippet:-1","max-image-preview":"max-image-preview:large","max-video-preview":"max-video-preview:-1"},"canonical":"https:\/\/occo.pt\/events\/temas-do-cancioneiro-portugues\/","og_locale":"en_US","og_type":"article","og_title":"TEMAS DO CANCIONEIRO PORTUGU\u00caS - occo","og_description":"This recital presents works by Portuguese composers who, in different ways, engage with musical tradition and collective memory. From the lyricism of Joly Braga Santos to [\u2026]","og_url":"https:\/\/occo.pt\/events\/temas-do-cancioneiro-portugues\/","og_site_name":"occo","twitter_card":"summary_large_image","twitter_misc":{"Est. reading time":"1 minute"},"schema":{"@context":"https:\/\/schema.org","@graph":[{"@type":"WebPage","@id":"https:\/\/occo.pt\/events\/temas-do-cancioneiro-portugues\/","url":"https:\/\/occo.pt\/events\/temas-do-cancioneiro-portugues\/","name":"TEMAS DO CANCIONEIRO PORTUGU\u00caS - occo","isPartOf":{"@id":"https:\/\/occo.pt\/en\/#website"},"datePublished":"2025-09-19T16:29:50+00:00","dateModified":"2025-09-19T16:29:50+00:00","breadcrumb":{"@id":"https:\/\/occo.pt\/events\/temas-do-cancioneiro-portugues\/#breadcrumb"},"inLanguage":"en-US","potentialAction":[{"@type":"ReadAction","target":["https:\/\/occo.pt\/events\/temas-do-cancioneiro-portugues\/"]}]},{"@type":"BreadcrumbList","@id":"https:\/\/occo.pt\/events\/temas-do-cancioneiro-portugues\/#breadcrumb","itemListElement":[{"@type":"ListItem","position":1,"name":"In\u00edcio","item":"https:\/\/occo.pt\/en\/"},{"@type":"ListItem","position":2,"name":"Events","item":"https:\/\/occo.pt\/events\/"},{"@type":"ListItem","position":3,"name":"TEMAS DO CANCIONEIRO PORTUGU\u00caS"}]},{"@type":"WebSite","@id":"https:\/\/occo.pt\/en\/#website","url":"https:\/\/occo.pt\/en\/","name":"occo","description":"Orquestra de C\u00e2mara de Cascais e Oeiras","potentialAction":[{"@type":"SearchAction","target":{"@type":"EntryPoint","urlTemplate":"https:\/\/occo.pt\/en\/?s={search_term_string}"},"query-input":"required name=search_term_string"}],"inLanguage":"en-US"}]}},"all_meta":{"_vp_words_count":"116","mec_additional_location_ids":[],"mec_organizer_id":"1","mec_additional_organizer_ids":[],"mec_icl_duplicated":"1","mec_dont_show_map":"0","mec_allday":"0","mec_hide_time":"0","mec_hide_end_time":"1","mec_start_date":"2025-11-22","mec_start_time_hour":"6","mec_start_time_minutes":"0","mec_start_time_ampm":"PM","mec_start_day_seconds":"64800","mec_end_date":"2025-11-22","mec_end_time_hour":"11","mec_end_time_minutes":"0","mec_end_time_ampm":"PM","mec_end_day_seconds":"82800","mec_repeat_status":"0","mec_repeat_type":"","mec_repeat_interval":"1","mec_certain_weekdays":[],"mec_date":{"start":{"date":"2025-11-22","hour":"6","minutes":"0","ampm":"PM"},"end":{"date":"2025-11-22","hour":"11","minutes":"0","ampm":"PM"},"hide_end_time":"1","comment":"","repeat":{"type":"daily","interval":"1","advanced":"","end":"never","end_at_date":"","end_at_occurrences":"10"}},"mec_repeat_end_at_date":"","mec_repeat_end":"","mec_color":"","mec_more_info_target":"_self","mec_cost":"","mec_currency":[],"mec_repeat":{"type":"daily","interval":"1","advanced":"","end":"never","end_at_date":"","end_at_occurrences":"10"},"one_occurrence":"0","mec_timezone":"global","mec_countdown_method":"global","mec_public":"1","mec_repeat_end_at_occurrences":"","mec_advanced_days":[],"mec_in_days":"","mec_not_in_days":"","mec_booking":[],"mec_fees_global_inheritance":"1","mec_fees":[],"mec_ticket_variations_global_inheritance":"1","mec_ticket_variations":[],"mec_reg_fields_global_inheritance":"1","mec_fields":[],"mec_event_status":"EventScheduled","mec_moved_online_link":"","mec_cancelled_reason":"","mec_display_cancellation_reason_in_single_page":"","_top_nav_excluded":"","_cms_nav_minihome":"","_thumbnail_id":"5413","_vp_views_count":"143","_wpml_media_duplicate":"1","mec_location_id":"152"},"_links":{"self":[{"href":"https:\/\/occo.pt\/en\/wp-json\/wp\/v2\/mec-events\/5308"}],"collection":[{"href":"https:\/\/occo.pt\/en\/wp-json\/wp\/v2\/mec-events"}],"about":[{"href":"https:\/\/occo.pt\/en\/wp-json\/wp\/v2\/types\/mec-events"}],"author":[{"embeddable":true,"href":"https:\/\/occo.pt\/en\/wp-json\/wp\/v2\/users\/2"}],"replies":[{"embeddable":true,"href":"https:\/\/occo.pt\/en\/wp-json\/wp\/v2\/comments?post=5308"}],"wp:featuredmedia":[{"embeddable":true,"href":"https:\/\/occo.pt\/en\/wp-json\/wp\/v2\/media\/5413"}],"wp:attachment":[{"href":"https:\/\/occo.pt\/en\/wp-json\/wp\/v2\/media?parent=5308"}],"wp:term":[{"taxonomy":"post_tag","embeddable":true,"href":"https:\/\/occo.pt\/en\/wp-json\/wp\/v2\/tags?post=5308"},{"taxonomy":"mec_category","embeddable":true,"href":"https:\/\/occo.pt\/en\/wp-json\/wp\/v2\/mec_category?post=5308"}],"curies":[{"name":"wp","href":"https:\/\/api.w.org\/{rel}","templated":true}]}}

TEMAS DO CANCIONEIRO PORTUGUÊS

<p class="p1">This recital presents works by Portuguese composers who, in different ways, engage with musical tradition and collective memory. From the lyricism of Joly Braga Santos to the contemporary writing of Luís de Carvalho, through the expressiveness of Eurico Carrapatoso and Sérgio Azevedo, the program culminates with reworkings of popular themes collected by Fernando Lopes-Graça, showcasing the richness and diversity of Portuguese music.</p>
<p class="p1"><span class="s1"><b>Joly Braga Santos</b></span> | <i>Adagio e Scherzino</i><i></i></p>
<p class="p1"><span class="s1"><b>Luís de Carvalho</b></span> | <i>Quintet for Wind Quintet</i><i></i></p>
<p class="p3"><b>Eurico Carrapatoso</b><span class="s2"> | <i>Five Elegies</i><i></i></span></p>
<p class="p3"><b>Sérgio Azevedo</b><span class="s2"> | <i>Pastorals</i><i></i></span></p>
<p class="p3"><b>Chamber Sketches on Portuguese Folk Themes</b><b></b></p>
<p class="p1">Collection by Fernando Lopes-Graça,</p>
<p class="p1">Harmonization by Alejandro Erlich Oliva,</p>
<p class="p1">Arrangement for wind quintet by João Pereira</p>
<p class="p3"><b>Soloists of the Cascais and Oeiras Chamber Orchestra</b></p>

<!-- This site is optimized with the Yoast SEO plugin v19.13 - https://yoast.com/wordpress/plugins/seo/ -->
<title>TEMAS DO CANCIONEIRO PORTUGUÊS - occo</title>
<meta name="robots" content="index, follow, max-snippet:-1, max-image-preview:large, max-video-preview:-1" />
<link rel="canonical" href="https://occo.pt/events/temas-do-cancioneiro-portugues/" />
<meta property="og:locale" content="en_US" />
<meta property="og:type" content="article" />
<meta property="og:title" content="TEMAS DO CANCIONEIRO PORTUGUÊS - occo" />
<meta property="og:description" content="This recital presents works by Portuguese composers who, in different ways, engage with musical tradition and collective memory. From the lyricism of Joly Braga Santos to […]" />
<meta property="og:url" content="https://occo.pt/events/temas-do-cancioneiro-portugues/" />
<meta property="og:site_name" content="occo" />
<meta name="twitter:card" content="summary_large_image" />
<meta name="twitter:label1" content="Est. reading time" />
	<meta name="twitter:data1" content="1 minute" />
<script type="application/ld+json" class="yoast-schema-graph">{"@context":"https://schema.org","@graph":[{"@type":"WebPage","@id":"https://occo.pt/events/temas-do-cancioneiro-portugues/","url":"https://occo.pt/events/temas-do-cancioneiro-portugues/","name":"TEMAS DO CANCIONEIRO PORTUGUÊS - occo","isPartOf":{"@id":"https://occo.pt/en/#website"},"datePublished":"2025-09-19T16:29:50+00:00","dateModified":"2025-09-19T16:29:50+00:00","breadcrumb":{"@id":"https://occo.pt/events/temas-do-cancioneiro-portugues/#breadcrumb"},"inLanguage":"en-US","potentialAction":[{"@type":"ReadAction","target":["https://occo.pt/events/temas-do-cancioneiro-portugues/"]}]},{"@type":"BreadcrumbList","@id":"https://occo.pt/events/temas-do-cancioneiro-portugues/#breadcrumb","itemListElement":[{"@type":"ListItem","position":1,"name":"Início","item":"https://occo.pt/en/"},{"@type":"ListItem","position":2,"name":"Events","item":"https://occo.pt/events/"},{"@type":"ListItem","position":3,"name":"TEMAS DO CANCIONEIRO PORTUGUÊS"}]},{"@type":"WebSite","@id":"https://occo.pt/en/#website","url":"https://occo.pt/en/","name":"occo","description":"Orquestra de Câmara de Cascais e Oeiras","potentialAction":[{"@type":"SearchAction","target":{"@type":"EntryPoint","urlTemplate":"https://occo.pt/en/?s={search_term_string}"},"query-input":"required name=search_term_string"}],"inLanguage":"en-US"}]}</script>
<!-- / Yoast SEO plugin. -->

TEMAS DO CANCIONEIRO PORTUGUÊS - occo

Início

Orquestra de Câmara de Cascais e Oeiras
