{"id":5140,"date":"2025-07-08T09:18:19","date_gmt":"2025-07-08T09:18:19","guid":{"rendered":"https:\/\/occo.pt\/events\/um-brinde-a-musica-2\/"},"modified":"2025-08-06T16:21:43","modified_gmt":"2025-08-06T16:21:43","slug":"um-brinde-a-musica-2","status":"publish","type":"mec-events","link":"https:\/\/occo.pt\/en\/events\/um-brinde-a-musica-2\/","title":{"rendered":"Um Brinde \u00e0 M\u00fasica"},"content":{"rendered":"<p>CONCERTO \u201cUM BRINDE \u00c0 M\u00daSICA\u201d<\/p>\n<p>Audit\u00f3rio Senhora da Boa Nova, Estoril<\/p>\n<p>\u201cUm Brinde \u00e0 M\u00fasica\u201d \u00e9 um concerto onde a OCCO demonstra a variedade da m\u00fasica e a sua capacidade de se reinventar, descobrindo constantemente novos caminhos. O ano de 2025 est\u00e1 repleto de datas marcantes e anivers\u00e1rios de compositores cuja obra se distingue pela inova\u00e7\u00e3o e pela cria\u00e7\u00e3o de pe\u00e7as que marcaram a hist\u00f3ria da m\u00fasica.<\/p>\n<p>Este programa inclui compositores como Erik Satie e Dmitri Shostakovich, assinalando os 100 e 50 anos, respetivamente, do seu desaparecimento. Celebra tamb\u00e9m os 100 anos do nascimento de Luciano Berio e recorda ainda Johann Strauss II, nos 200 anos do seu nascimento, e Georges Bizet, pelos 150 anos do seu falecimento.<\/p>\n<p>Este concerto \u00e9, acima de tudo, uma celebra\u00e7\u00e3o da m\u00fasica no seu sentido mais pleno.<\/p>\n<p class=\"p1\"><b>D. Schostakovich |<\/b> Romance<\/p>\n<p class=\"p1\"><b>E. Satie |<\/b> Musique d\u2019ameublement<\/p>\n<p class=\"p1\"><b>L.Berio |<\/b> Beatles Songs (Arranjo)<\/p>\n<p class=\"p1\"><b>J.Strauss II |<\/b> Valsa \u201c Sons da Primavera\u201d e Pizzicato Polca<\/p>\n<p class=\"p1\"><b>J.Bizet |<\/b> Jeux d\u2019enfants<\/p>\n<p class=\"p1\">Solitas | Patrycja Gabrel<\/p>\n<p class=\"p1\">Maestro Nikolay Lalov<\/p>\n<p class=\"p1\">Orquestra de C\u00e2mara de Cascais e Oeiras<\/p>\n","protected":false},"excerpt":{"rendered":"<p>CONCERTO \u201cUM BRINDE \u00c0 M\u00daSICA\u201d Audit\u00f3rio Senhora da Boa Nova, Estoril \u201cUm Brinde \u00e0 M\u00fasica\u201d \u00e9 um concerto onde a OCCO demonstra a variedade da m\u00fasica<span class=\"excerpt-hellip\"> [\u2026]<\/span><\/p>\n","protected":false},"author":2,"featured_media":5219,"comment_status":"open","ping_status":"closed","template":"","meta":{"_vp_format_video_url":"","_vp_image_focal_point":[]},"tags":[],"mec_category":[14],"yoast_head":"<!-- This site is optimized with the Yoast SEO plugin v19.13 - https:\/\/yoast.com\/wordpress\/plugins\/seo\/ -->\n<title>Um Brinde \u00e0 M\u00fasica - occo<\/title>\n<meta name=\"robots\" content=\"index, follow, max-snippet:-1, max-image-preview:large, max-video-preview:-1\" \/>\n<link rel=\"canonical\" href=\"https:\/\/occo.pt\/events\/um-brinde-a-musica-2\/\" \/>\n<meta property=\"og:locale\" content=\"en_US\" \/>\n<meta property=\"og:type\" content=\"article\" \/>\n<meta property=\"og:title\" content=\"Um Brinde \u00e0 M\u00fasica - occo\" \/>\n<meta property=\"og:description\" content=\"CONCERTO \u201cUM BRINDE \u00c0 M\u00daSICA\u201d Audit\u00f3rio Senhora da Boa Nova, Estoril \u201cUm Brinde \u00e0 M\u00fasica\u201d \u00e9 um concerto onde a OCCO demonstra a variedade da m\u00fasica [\u2026]\" \/>\n<meta property=\"og:url\" content=\"https:\/\/occo.pt\/events\/um-brinde-a-musica-2\/\" \/>\n<meta property=\"og:site_name\" content=\"occo\" \/>\n<meta property=\"article:modified_time\" content=\"2025-08-06T16:21:43+00:00\" \/>\n<meta property=\"og:image\" content=\"https:\/\/occo.pt\/wp-content\/uploads\/2025\/07\/um-brinde-nova-img.jpg\" \/>\n\t<meta property=\"og:image:width\" content=\"850\" \/>\n\t<meta property=\"og:image:height\" content=\"568\" \/>\n\t<meta property=\"og:image:type\" content=\"image\/jpeg\" \/>\n<meta name=\"twitter:card\" content=\"summary_large_image\" \/>\n<meta name=\"twitter:label1\" content=\"Est. reading time\" \/>\n\t<meta name=\"twitter:data1\" content=\"1 minute\" \/>\n<script type=\"application\/ld+json\" class=\"yoast-schema-graph\">{\"@context\":\"https:\/\/schema.org\",\"@graph\":[{\"@type\":\"WebPage\",\"@id\":\"https:\/\/occo.pt\/events\/um-brinde-a-musica-2\/\",\"url\":\"https:\/\/occo.pt\/events\/um-brinde-a-musica-2\/\",\"name\":\"Um Brinde \u00e0 M\u00fasica - occo\",\"isPartOf\":{\"@id\":\"https:\/\/occo.pt\/en\/#website\"},\"datePublished\":\"2025-07-08T09:18:19+00:00\",\"dateModified\":\"2025-08-06T16:21:43+00:00\",\"breadcrumb\":{\"@id\":\"https:\/\/occo.pt\/events\/um-brinde-a-musica-2\/#breadcrumb\"},\"inLanguage\":\"en-US\",\"potentialAction\":[{\"@type\":\"ReadAction\",\"target\":[\"https:\/\/occo.pt\/events\/um-brinde-a-musica-2\/\"]}]},{\"@type\":\"BreadcrumbList\",\"@id\":\"https:\/\/occo.pt\/events\/um-brinde-a-musica-2\/#breadcrumb\",\"itemListElement\":[{\"@type\":\"ListItem\",\"position\":1,\"name\":\"In\u00edcio\",\"item\":\"https:\/\/occo.pt\/en\/\"},{\"@type\":\"ListItem\",\"position\":2,\"name\":\"Events\",\"item\":\"https:\/\/occo.pt\/events\/\"},{\"@type\":\"ListItem\",\"position\":3,\"name\":\"Um Brinde \u00e0 M\u00fasica\"}]},{\"@type\":\"WebSite\",\"@id\":\"https:\/\/occo.pt\/en\/#website\",\"url\":\"https:\/\/occo.pt\/en\/\",\"name\":\"occo\",\"description\":\"Orquestra de C\u00e2mara de Cascais e Oeiras\",\"potentialAction\":[{\"@type\":\"SearchAction\",\"target\":{\"@type\":\"EntryPoint\",\"urlTemplate\":\"https:\/\/occo.pt\/en\/?s={search_term_string}\"},\"query-input\":\"required name=search_term_string\"}],\"inLanguage\":\"en-US\"}]}<\/script>\n<!-- \/ Yoast SEO plugin. -->","yoast_head_json":{"title":"Um Brinde \u00e0 M\u00fasica - occo","robots":{"index":"index","follow":"follow","max-snippet":"max-snippet:-1","max-image-preview":"max-image-preview:large","max-video-preview":"max-video-preview:-1"},"canonical":"https:\/\/occo.pt\/events\/um-brinde-a-musica-2\/","og_locale":"en_US","og_type":"article","og_title":"Um Brinde \u00e0 M\u00fasica - occo","og_description":"CONCERTO \u201cUM BRINDE \u00c0 M\u00daSICA\u201d Audit\u00f3rio Senhora da Boa Nova, Estoril \u201cUm Brinde \u00e0 M\u00fasica\u201d \u00e9 um concerto onde a OCCO demonstra a variedade da m\u00fasica [\u2026]","og_url":"https:\/\/occo.pt\/events\/um-brinde-a-musica-2\/","og_site_name":"occo","article_modified_time":"2025-08-06T16:21:43+00:00","og_image":[{"width":850,"height":568,"url":"https:\/\/occo.pt\/wp-content\/uploads\/2025\/07\/um-brinde-nova-img.jpg","type":"image\/jpeg"}],"twitter_card":"summary_large_image","twitter_misc":{"Est. reading time":"1 minute"},"schema":{"@context":"https:\/\/schema.org","@graph":[{"@type":"WebPage","@id":"https:\/\/occo.pt\/events\/um-brinde-a-musica-2\/","url":"https:\/\/occo.pt\/events\/um-brinde-a-musica-2\/","name":"Um Brinde \u00e0 M\u00fasica - occo","isPartOf":{"@id":"https:\/\/occo.pt\/en\/#website"},"datePublished":"2025-07-08T09:18:19+00:00","dateModified":"2025-08-06T16:21:43+00:00","breadcrumb":{"@id":"https:\/\/occo.pt\/events\/um-brinde-a-musica-2\/#breadcrumb"},"inLanguage":"en-US","potentialAction":[{"@type":"ReadAction","target":["https:\/\/occo.pt\/events\/um-brinde-a-musica-2\/"]}]},{"@type":"BreadcrumbList","@id":"https:\/\/occo.pt\/events\/um-brinde-a-musica-2\/#breadcrumb","itemListElement":[{"@type":"ListItem","position":1,"name":"In\u00edcio","item":"https:\/\/occo.pt\/en\/"},{"@type":"ListItem","position":2,"name":"Events","item":"https:\/\/occo.pt\/events\/"},{"@type":"ListItem","position":3,"name":"Um Brinde \u00e0 M\u00fasica"}]},{"@type":"WebSite","@id":"https:\/\/occo.pt\/en\/#website","url":"https:\/\/occo.pt\/en\/","name":"occo","description":"Orquestra de C\u00e2mara de Cascais e Oeiras","potentialAction":[{"@type":"SearchAction","target":{"@type":"EntryPoint","urlTemplate":"https:\/\/occo.pt\/en\/?s={search_term_string}"},"query-input":"required name=search_term_string"}],"inLanguage":"en-US"}]}},"all_meta":{"_vp_words_count":"176","_wpml_media_featured":"1","_wpml_media_duplicate":"1","mec_color":"","_thumbnail_id":"5219","mec_location_id":"139","mec_dont_show_map":"0","mec_organizer_id":"1","mec_start_date":"2025-09-14","mec_start_time_hour":"9","mec_start_time_minutes":"0","mec_start_time_ampm":"PM","mec_start_day_seconds":"75600","mec_start_datetime":"2025-09-14 09:00 PM","mec_end_date":"2025-09-14","mec_end_time_hour":"11","mec_end_time_minutes":"0","mec_end_time_ampm":"PM","mec_end_day_seconds":"82800","mec_end_datetime":"2025-09-14 11:00 PM","mec_date":{"start":{"date":"2025-09-14","hour":"9","minutes":"0","ampm":"PM"},"end":{"date":"2025-09-14","hour":"11","minutes":"0","ampm":"PM"},"comment":"","repeat":{"type":"daily","interval":"1","advanced":"","end":"never","end_at_date":"","end_at_occurrences":"10"}},"mec_repeat":{"type":"daily","interval":"1","advanced":"","end":"never","end_at_date":"","end_at_occurrences":"10"},"mec_certain_weekdays":[],"mec_allday":"0","mec_hide_time":"0","mec_hide_end_time":"0","mec_comment":"","mec_repeat_status":"0","mec_repeat_type":"","mec_repeat_interval":"1","mec_repeat_end":"","mec_repeat_end_at_occurrences":"","mec_repeat_end_at_date":"","mec_advanced_days":[],"mec_in_days":"","mec_not_in_days":"","mec_hourly_schedules":[],"mec_booking":[],"mec_tickets":[],"mec_fees_global_inheritance":"1","mec_fees":[],"mec_ticket_variations_global_inheritance":"1","mec_ticket_variations":[],"mec_reg_fields_global_inheritance":"1","mec_reg_fields":[],"mec_op":[],"mec_event_date_submit":"20250708091820","mec_new_event_notif_sent":"1","_wpml_location_migration_done":"1","_wpml_word_count":"{\"total\":188,\"to_translate\":{\"en\":188}}","_vp_views_count":["612","612"],"_edit_lock":"1754582867:2","_edit_last":"2","mec_read_more":"","mec_more_info":"","mec_more_info_title":"","mec_more_info_target":"_self","mec_cost":"","mec_cost_auto_calculate":"0","mec_currency":[],"mec_additional_organizer_ids":[],"mec_additional_location_ids":[],"one_occurrence":"0","mec_timezone":"global","mec_countdown_method":"global","mec_public":"1","mec_sequence":"11","mec_bfixed_fields":[],"mec_fields":[],"mec_event_status":"EventScheduled","mec_moved_online_link":"","mec_cancelled_reason":"","mec_display_cancellation_reason_in_single_page":"","slide_template":"","rs_page_bg_color":"","_yoast_wpseo_content_score":"90","_yoast_wpseo_estimated-reading-time-minutes":"1","_yoast_wpseo_wordproof_timestamp":""},"_links":{"self":[{"href":"https:\/\/occo.pt\/en\/wp-json\/wp\/v2\/mec-events\/5140"}],"collection":[{"href":"https:\/\/occo.pt\/en\/wp-json\/wp\/v2\/mec-events"}],"about":[{"href":"https:\/\/occo.pt\/en\/wp-json\/wp\/v2\/types\/mec-events"}],"author":[{"embeddable":true,"href":"https:\/\/occo.pt\/en\/wp-json\/wp\/v2\/users\/2"}],"replies":[{"embeddable":true,"href":"https:\/\/occo.pt\/en\/wp-json\/wp\/v2\/comments?post=5140"}],"wp:featuredmedia":[{"embeddable":true,"href":"https:\/\/occo.pt\/en\/wp-json\/wp\/v2\/media\/5219"}],"wp:attachment":[{"href":"https:\/\/occo.pt\/en\/wp-json\/wp\/v2\/media?parent=5140"}],"wp:term":[{"taxonomy":"post_tag","embeddable":true,"href":"https:\/\/occo.pt\/en\/wp-json\/wp\/v2\/tags?post=5140"},{"taxonomy":"mec_category","embeddable":true,"href":"https:\/\/occo.pt\/en\/wp-json\/wp\/v2\/mec_category?post=5140"}],"curies":[{"name":"wp","href":"https:\/\/api.w.org\/{rel}","templated":true}]}}

Um Brinde à Música

<p>CONCERTO “UM BRINDE À MÚSICA”</p>
<p>Auditório Senhora da Boa Nova, Estoril</p>
<p>“Um Brinde à Música” é um concerto onde a OCCO demonstra a variedade da música e a sua capacidade de se reinventar, descobrindo constantemente novos caminhos. O ano de 2025 está repleto de datas marcantes e aniversários de compositores cuja obra se distingue pela inovação e pela criação de peças que marcaram a história da música.</p>
<p>Este programa inclui compositores como Erik Satie e Dmitri Shostakovich, assinalando os 100 e 50 anos, respetivamente, do seu desaparecimento. Celebra também os 100 anos do nascimento de Luciano Berio e recorda ainda Johann Strauss II, nos 200 anos do seu nascimento, e Georges Bizet, pelos 150 anos do seu falecimento.</p>
<p>Este concerto é, acima de tudo, uma celebração da música no seu sentido mais pleno.</p>
<p class="p1"><b>D. Schostakovich |</b> Romance</p>
<p class="p1"><b>E. Satie |</b> Musique d’ameublement</p>
<p class="p1"><b>L.Berio |</b> Beatles Songs (Arranjo)</p>
<p class="p1"><b>J.Strauss II |</b> Valsa “ Sons da Primavera” e Pizzicato Polca</p>
<p class="p1"><b>J.Bizet |</b> Jeux d’enfants</p>
<p class="p1">Solitas | Patrycja Gabrel</p>
<p class="p1">Maestro Nikolay Lalov</p>
<p class="p1">Orquestra de Câmara de Cascais e Oeiras</p>

<p>CONCERTO “UM BRINDE À MÚSICA” Auditório Senhora da Boa Nova, Estoril “Um Brinde à Música” é um concerto onde a OCCO demonstra a variedade da música<span class="excerpt-hellip"> […]</span></p>

<!-- This site is optimized with the Yoast SEO plugin v19.13 - https://yoast.com/wordpress/plugins/seo/ -->
<title>Um Brinde à Música - occo</title>
<meta name="robots" content="index, follow, max-snippet:-1, max-image-preview:large, max-video-preview:-1" />
<link rel="canonical" href="https://occo.pt/events/um-brinde-a-musica-2/" />
<meta property="og:locale" content="en_US" />
<meta property="og:type" content="article" />
<meta property="og:title" content="Um Brinde à Música - occo" />
<meta property="og:description" content="CONCERTO “UM BRINDE À MÚSICA” Auditório Senhora da Boa Nova, Estoril “Um Brinde à Música” é um concerto onde a OCCO demonstra a variedade da música […]" />
<meta property="og:url" content="https://occo.pt/events/um-brinde-a-musica-2/" />
<meta property="og:site_name" content="occo" />
<meta property="article:modified_time" content="2025-08-06T16:21:43+00:00" />
<meta property="og:image" content="https://occo.pt/wp-content/uploads/2025/07/um-brinde-nova-img.jpg" />
	<meta property="og:image:width" content="850" />
	<meta property="og:image:height" content="568" />
	<meta property="og:image:type" content="image/jpeg" />
<meta name="twitter:card" content="summary_large_image" />
<meta name="twitter:label1" content="Est. reading time" />
	<meta name="twitter:data1" content="1 minute" />
<script type="application/ld+json" class="yoast-schema-graph">{"@context":"https://schema.org","@graph":[{"@type":"WebPage","@id":"https://occo.pt/events/um-brinde-a-musica-2/","url":"https://occo.pt/events/um-brinde-a-musica-2/","name":"Um Brinde à Música - occo","isPartOf":{"@id":"https://occo.pt/en/#website"},"datePublished":"2025-07-08T09:18:19+00:00","dateModified":"2025-08-06T16:21:43+00:00","breadcrumb":{"@id":"https://occo.pt/events/um-brinde-a-musica-2/#breadcrumb"},"inLanguage":"en-US","potentialAction":[{"@type":"ReadAction","target":["https://occo.pt/events/um-brinde-a-musica-2/"]}]},{"@type":"BreadcrumbList","@id":"https://occo.pt/events/um-brinde-a-musica-2/#breadcrumb","itemListElement":[{"@type":"ListItem","position":1,"name":"Início","item":"https://occo.pt/en/"},{"@type":"ListItem","position":2,"name":"Events","item":"https://occo.pt/events/"},{"@type":"ListItem","position":3,"name":"Um Brinde à Música"}]},{"@type":"WebSite","@id":"https://occo.pt/en/#website","url":"https://occo.pt/en/","name":"occo","description":"Orquestra de Câmara de Cascais e Oeiras","potentialAction":[{"@type":"SearchAction","target":{"@type":"EntryPoint","urlTemplate":"https://occo.pt/en/?s={search_term_string}"},"query-input":"required name=search_term_string"}],"inLanguage":"en-US"}]}</script>
<!-- / Yoast SEO plugin. -->

Um Brinde à Música - occo

CONCERTO “UM BRINDE À MÚSICA” Auditório Senhora da Boa Nova, Estoril “Um Brinde à Música” é um concerto onde a OCCO demonstra a variedade da música […]

Início

Orquestra de Câmara de Cascais e Oeiras
