{"id":5133,"date":"2025-06-30T09:03:09","date_gmt":"2025-06-30T09:03:09","guid":{"rendered":"https:\/\/occo.pt\/?post_type=mec-events&#038;p=5133"},"modified":"2025-06-30T09:45:14","modified_gmt":"2025-06-30T09:45:14","slug":"concerto-final-academia-de-direcao","status":"publish","type":"mec-events","link":"https:\/\/occo.pt\/en\/events\/concerto-final-academia-de-direcao\/","title":{"rendered":"Concerto Final Academia de Dire\u00e7\u00e3o"},"content":{"rendered":"<p class=\"p1\"><b>M.Ravel | <\/b>Ma m\u00e8re l&#8217;Oye\/Mother Goose Suite .<\/p>\n<p class=\"p1\"><b>J. Ibert | <\/b>Concertino da C\u00e2mara para Saxofone Alto e Orquestra<\/p>\n<p class=\"p1\"><b>Cl.Debussy (Ferington) | <\/b>La Mer<\/p>\n","protected":false},"excerpt":{"rendered":"<p>M.Ravel | Ma m\u00e8re l&#8217;Oye\/Mother Goose Suite . J. Ibert | Concertino da C\u00e2mara para Saxofone Alto e Orquestra Cl.Debussy (Ferington) | La Mer<\/p>\n","protected":false},"author":2,"featured_media":5134,"comment_status":"open","ping_status":"closed","template":"","meta":{"_vp_format_video_url":"","_vp_image_focal_point":[]},"tags":[],"mec_category":[],"yoast_head":"<!-- This site is optimized with the Yoast SEO plugin v19.13 - https:\/\/yoast.com\/wordpress\/plugins\/seo\/ -->\n<title>Concerto Final Academia de Dire\u00e7\u00e3o - occo<\/title>\n<meta name=\"robots\" content=\"index, follow, max-snippet:-1, max-image-preview:large, max-video-preview:-1\" \/>\n<link rel=\"canonical\" href=\"https:\/\/occo.pt\/events\/concerto-final-academia-de-direcao\/\" \/>\n<meta property=\"og:locale\" content=\"en_US\" \/>\n<meta property=\"og:type\" content=\"article\" \/>\n<meta property=\"og:title\" content=\"Concerto Final Academia de Dire\u00e7\u00e3o - occo\" \/>\n<meta property=\"og:description\" content=\"M.Ravel | Ma m\u00e8re l&#8217;Oye\/Mother Goose Suite . J. Ibert | Concertino da C\u00e2mara para Saxofone Alto e Orquestra Cl.Debussy (Ferington) | La Mer\" \/>\n<meta property=\"og:url\" content=\"https:\/\/occo.pt\/events\/concerto-final-academia-de-direcao\/\" \/>\n<meta property=\"og:site_name\" content=\"occo\" \/>\n<meta property=\"article:modified_time\" content=\"2025-06-30T09:45:14+00:00\" \/>\n<meta property=\"og:image\" content=\"https:\/\/occo.pt\/wp-content\/uploads\/2025\/06\/DSC04158-scaled.jpg\" \/>\n\t<meta property=\"og:image:width\" content=\"2560\" \/>\n\t<meta property=\"og:image:height\" content=\"1707\" \/>\n\t<meta property=\"og:image:type\" content=\"image\/jpeg\" \/>\n<meta name=\"twitter:card\" content=\"summary_large_image\" \/>\n<meta name=\"twitter:label1\" content=\"Est. reading time\" \/>\n\t<meta name=\"twitter:data1\" content=\"1 minute\" \/>\n<script type=\"application\/ld+json\" class=\"yoast-schema-graph\">{\"@context\":\"https:\/\/schema.org\",\"@graph\":[{\"@type\":\"WebPage\",\"@id\":\"https:\/\/occo.pt\/events\/concerto-final-academia-de-direcao\/\",\"url\":\"https:\/\/occo.pt\/events\/concerto-final-academia-de-direcao\/\",\"name\":\"Concerto Final Academia de Dire\u00e7\u00e3o - occo\",\"isPartOf\":{\"@id\":\"https:\/\/occo.pt\/en\/#website\"},\"datePublished\":\"2025-06-30T09:03:09+00:00\",\"dateModified\":\"2025-06-30T09:45:14+00:00\",\"breadcrumb\":{\"@id\":\"https:\/\/occo.pt\/events\/concerto-final-academia-de-direcao\/#breadcrumb\"},\"inLanguage\":\"en-US\",\"potentialAction\":[{\"@type\":\"ReadAction\",\"target\":[\"https:\/\/occo.pt\/events\/concerto-final-academia-de-direcao\/\"]}]},{\"@type\":\"BreadcrumbList\",\"@id\":\"https:\/\/occo.pt\/events\/concerto-final-academia-de-direcao\/#breadcrumb\",\"itemListElement\":[{\"@type\":\"ListItem\",\"position\":1,\"name\":\"In\u00edcio\",\"item\":\"https:\/\/occo.pt\/en\/\"},{\"@type\":\"ListItem\",\"position\":2,\"name\":\"Events\",\"item\":\"https:\/\/occo.pt\/events\/\"},{\"@type\":\"ListItem\",\"position\":3,\"name\":\"Concerto Final Academia de Dire\u00e7\u00e3o\"}]},{\"@type\":\"WebSite\",\"@id\":\"https:\/\/occo.pt\/en\/#website\",\"url\":\"https:\/\/occo.pt\/en\/\",\"name\":\"occo\",\"description\":\"Orquestra de C\u00e2mara de Cascais e Oeiras\",\"potentialAction\":[{\"@type\":\"SearchAction\",\"target\":{\"@type\":\"EntryPoint\",\"urlTemplate\":\"https:\/\/occo.pt\/en\/?s={search_term_string}\"},\"query-input\":\"required name=search_term_string\"}],\"inLanguage\":\"en-US\"}]}<\/script>\n<!-- \/ Yoast SEO plugin. -->","yoast_head_json":{"title":"Concerto Final Academia de Dire\u00e7\u00e3o - occo","robots":{"index":"index","follow":"follow","max-snippet":"max-snippet:-1","max-image-preview":"max-image-preview:large","max-video-preview":"max-video-preview:-1"},"canonical":"https:\/\/occo.pt\/events\/concerto-final-academia-de-direcao\/","og_locale":"en_US","og_type":"article","og_title":"Concerto Final Academia de Dire\u00e7\u00e3o - occo","og_description":"M.Ravel | Ma m\u00e8re l&#8217;Oye\/Mother Goose Suite . J. Ibert | Concertino da C\u00e2mara para Saxofone Alto e Orquestra Cl.Debussy (Ferington) | La Mer","og_url":"https:\/\/occo.pt\/events\/concerto-final-academia-de-direcao\/","og_site_name":"occo","article_modified_time":"2025-06-30T09:45:14+00:00","og_image":[{"width":2560,"height":1707,"url":"https:\/\/occo.pt\/wp-content\/uploads\/2025\/06\/DSC04158-scaled.jpg","type":"image\/jpeg"}],"twitter_card":"summary_large_image","twitter_misc":{"Est. reading time":"1 minute"},"schema":{"@context":"https:\/\/schema.org","@graph":[{"@type":"WebPage","@id":"https:\/\/occo.pt\/events\/concerto-final-academia-de-direcao\/","url":"https:\/\/occo.pt\/events\/concerto-final-academia-de-direcao\/","name":"Concerto Final Academia de Dire\u00e7\u00e3o - occo","isPartOf":{"@id":"https:\/\/occo.pt\/en\/#website"},"datePublished":"2025-06-30T09:03:09+00:00","dateModified":"2025-06-30T09:45:14+00:00","breadcrumb":{"@id":"https:\/\/occo.pt\/events\/concerto-final-academia-de-direcao\/#breadcrumb"},"inLanguage":"en-US","potentialAction":[{"@type":"ReadAction","target":["https:\/\/occo.pt\/events\/concerto-final-academia-de-direcao\/"]}]},{"@type":"BreadcrumbList","@id":"https:\/\/occo.pt\/events\/concerto-final-academia-de-direcao\/#breadcrumb","itemListElement":[{"@type":"ListItem","position":1,"name":"In\u00edcio","item":"https:\/\/occo.pt\/en\/"},{"@type":"ListItem","position":2,"name":"Events","item":"https:\/\/occo.pt\/events\/"},{"@type":"ListItem","position":3,"name":"Concerto Final Academia de Dire\u00e7\u00e3o"}]},{"@type":"WebSite","@id":"https:\/\/occo.pt\/en\/#website","url":"https:\/\/occo.pt\/en\/","name":"occo","description":"Orquestra de C\u00e2mara de Cascais e Oeiras","potentialAction":[{"@type":"SearchAction","target":{"@type":"EntryPoint","urlTemplate":"https:\/\/occo.pt\/en\/?s={search_term_string}"},"query-input":"required name=search_term_string"}],"inLanguage":"en-US"}]}},"all_meta":{"_vp_words_count":"24","_wpml_word_count":"{\"total\":38,\"to_translate\":{\"en\":38}}","_edit_lock":"1751276573:2","_edit_last":"2","_wpml_media_featured":"1","_wpml_media_duplicate":"1","_wpml_location_migration_done":"1","_thumbnail_id":"5134","mec_color":"","mec_location_id":"139","mec_dont_show_map":"0","mec_organizer_id":"1","mec_read_more":"","mec_more_info":"https:\/\/www.bol.pt\/Comprar\/Bilhetes\/159419-academia_de_direcao_occo_concerto_final-fdli_auditorio_boa_nova\/","mec_more_info_title":"Bilhetes","mec_more_info_target":"_self","mec_cost":"","mec_cost_auto_calculate":"0","mec_currency":[],"mec_additional_organizer_ids":[],"mec_additional_location_ids":[],"mec_date":{"start":{"date":"2025-07-26","hour":"9","minutes":"0","ampm":"PM"},"end":{"date":"2025-07-26","hour":"9","minutes":"0","ampm":"PM"},"hide_end_time":"1","comment":"","repeat":{"type":"daily","interval":"1","advanced":"","end":"never","end_at_date":"","end_at_occurrences":"10"}},"mec_repeat":{"type":"daily","interval":"1","advanced":"","end":"never","end_at_date":"","end_at_occurrences":"10"},"mec_certain_weekdays":[],"mec_allday":"0","one_occurrence":"0","mec_hide_time":"0","mec_hide_end_time":"1","mec_comment":"","mec_timezone":"global","mec_countdown_method":"global","mec_public":"1","mec_start_date":"2025-07-26","mec_start_time_hour":"9","mec_start_time_minutes":"0","mec_start_time_ampm":"PM","mec_start_day_seconds":"75600","mec_start_datetime":"2025-07-26 09:00 PM","mec_end_date":"2025-07-26","mec_end_time_hour":"9","mec_end_time_minutes":"0","mec_end_time_ampm":"PM","mec_end_day_seconds":"75600","mec_end_datetime":"2025-07-26 09:00 PM","mec_repeat_status":"0","mec_repeat_type":"","mec_repeat_interval":"1","mec_repeat_end":"","mec_repeat_end_at_occurrences":"","mec_repeat_end_at_date":"","mec_advanced_days":[],"mec_sequence":"3","mec_in_days":"","mec_not_in_days":"","mec_hourly_schedules":[],"mec_booking":[],"mec_tickets":[],"mec_fees_global_inheritance":"1","mec_fees":[],"mec_ticket_variations_global_inheritance":"1","mec_ticket_variations":[],"mec_reg_fields_global_inheritance":"1","mec_reg_fields":[],"mec_bfixed_fields":[],"mec_op":[],"mec_fields":[],"mec_event_status":"EventScheduled","mec_moved_online_link":"","mec_cancelled_reason":"","mec_display_cancellation_reason_in_single_page":"","slide_template":"","rs_page_bg_color":"","_yoast_wpseo_content_score":"90","_yoast_wpseo_estimated-reading-time-minutes":"1","_yoast_wpseo_wordproof_timestamp":"","_vp_views_count":"524"},"_links":{"self":[{"href":"https:\/\/occo.pt\/en\/wp-json\/wp\/v2\/mec-events\/5133"}],"collection":[{"href":"https:\/\/occo.pt\/en\/wp-json\/wp\/v2\/mec-events"}],"about":[{"href":"https:\/\/occo.pt\/en\/wp-json\/wp\/v2\/types\/mec-events"}],"author":[{"embeddable":true,"href":"https:\/\/occo.pt\/en\/wp-json\/wp\/v2\/users\/2"}],"replies":[{"embeddable":true,"href":"https:\/\/occo.pt\/en\/wp-json\/wp\/v2\/comments?post=5133"}],"wp:featuredmedia":[{"embeddable":true,"href":"https:\/\/occo.pt\/en\/wp-json\/wp\/v2\/media\/5134"}],"wp:attachment":[{"href":"https:\/\/occo.pt\/en\/wp-json\/wp\/v2\/media?parent=5133"}],"wp:term":[{"taxonomy":"post_tag","embeddable":true,"href":"https:\/\/occo.pt\/en\/wp-json\/wp\/v2\/tags?post=5133"},{"taxonomy":"mec_category","embeddable":true,"href":"https:\/\/occo.pt\/en\/wp-json\/wp\/v2\/mec_category?post=5133"}],"curies":[{"name":"wp","href":"https:\/\/api.w.org\/{rel}","templated":true}]}}

Concerto Final Academia de Direção

<p class="p1"><b>M.Ravel | </b>Ma mère l&#8217;Oye/Mother Goose Suite .</p>
<p class="p1"><b>J. Ibert | </b>Concertino da Câmara para Saxofone Alto e Orquestra</p>
<p class="p1"><b>Cl.Debussy (Ferington) | </b>La Mer</p>

<p>M.Ravel | Ma mère l&#8217;Oye/Mother Goose Suite . J. Ibert | Concertino da Câmara para Saxofone Alto e Orquestra Cl.Debussy (Ferington) | La Mer</p>

<!-- This site is optimized with the Yoast SEO plugin v19.13 - https://yoast.com/wordpress/plugins/seo/ -->
<title>Concerto Final Academia de Direção - occo</title>
<meta name="robots" content="index, follow, max-snippet:-1, max-image-preview:large, max-video-preview:-1" />
<link rel="canonical" href="https://occo.pt/events/concerto-final-academia-de-direcao/" />
<meta property="og:locale" content="en_US" />
<meta property="og:type" content="article" />
<meta property="og:title" content="Concerto Final Academia de Direção - occo" />
<meta property="og:description" content="M.Ravel | Ma mère l&#8217;Oye/Mother Goose Suite . J. Ibert | Concertino da Câmara para Saxofone Alto e Orquestra Cl.Debussy (Ferington) | La Mer" />
<meta property="og:url" content="https://occo.pt/events/concerto-final-academia-de-direcao/" />
<meta property="og:site_name" content="occo" />
<meta property="article:modified_time" content="2025-06-30T09:45:14+00:00" />
<meta property="og:image" content="https://occo.pt/wp-content/uploads/2025/06/DSC04158-scaled.jpg" />
	<meta property="og:image:width" content="2560" />
	<meta property="og:image:height" content="1707" />
	<meta property="og:image:type" content="image/jpeg" />
<meta name="twitter:card" content="summary_large_image" />
<meta name="twitter:label1" content="Est. reading time" />
	<meta name="twitter:data1" content="1 minute" />
<script type="application/ld+json" class="yoast-schema-graph">{"@context":"https://schema.org","@graph":[{"@type":"WebPage","@id":"https://occo.pt/events/concerto-final-academia-de-direcao/","url":"https://occo.pt/events/concerto-final-academia-de-direcao/","name":"Concerto Final Academia de Direção - occo","isPartOf":{"@id":"https://occo.pt/en/#website"},"datePublished":"2025-06-30T09:03:09+00:00","dateModified":"2025-06-30T09:45:14+00:00","breadcrumb":{"@id":"https://occo.pt/events/concerto-final-academia-de-direcao/#breadcrumb"},"inLanguage":"en-US","potentialAction":[{"@type":"ReadAction","target":["https://occo.pt/events/concerto-final-academia-de-direcao/"]}]},{"@type":"BreadcrumbList","@id":"https://occo.pt/events/concerto-final-academia-de-direcao/#breadcrumb","itemListElement":[{"@type":"ListItem","position":1,"name":"Início","item":"https://occo.pt/en/"},{"@type":"ListItem","position":2,"name":"Events","item":"https://occo.pt/events/"},{"@type":"ListItem","position":3,"name":"Concerto Final Academia de Direção"}]},{"@type":"WebSite","@id":"https://occo.pt/en/#website","url":"https://occo.pt/en/","name":"occo","description":"Orquestra de Câmara de Cascais e Oeiras","potentialAction":[{"@type":"SearchAction","target":{"@type":"EntryPoint","urlTemplate":"https://occo.pt/en/?s={search_term_string}"},"query-input":"required name=search_term_string"}],"inLanguage":"en-US"}]}</script>
<!-- / Yoast SEO plugin. -->

Concerto Final Academia de Direção - occo

M.Ravel | Ma mère l&#8217;Oye/Mother Goose Suite . J. Ibert | Concertino da Câmara para Saxofone Alto e Orquestra Cl.Debussy (Ferington) | La Mer

Início

Orquestra de Câmara de Cascais e Oeiras
