{"id":5132,"date":"2025-06-30T09:00:03","date_gmt":"2025-06-30T09:00:03","guid":{"rendered":"https:\/\/occo.pt\/?post_type=mec-events&#038;p=5132"},"modified":"2025-07-08T09:29:59","modified_gmt":"2025-07-08T09:29:59","slug":"festival-das-artes-quebra-jazz-em-coimbra","status":"publish","type":"mec-events","link":"https:\/\/occo.pt\/en\/events\/festival-das-artes-quebra-jazz-em-coimbra\/","title":{"rendered":"Festival das Artes Quebra Jazz em Coimbra"},"content":{"rendered":"<p class=\"p1\"><b>Mozart | <\/b>Pequeno Ser\u00e3o Musical<\/p>\n<p class=\"p1\"><b>Mozart | <\/b>Concerto para obo\u00e9<\/p>\n<p class=\"p1\"><b>Tchaikovsky | <\/b>Serenata<\/p>\n<p class=\"p1\"><b>Maestro Andrew Swinnerton | <\/b>Solista no concerto para obo\u00e9 de Mozart<\/p>\n<p class=\"p1\">Orquestra de C\u00e2mara de Cascais e Oeiras<\/p>\n","protected":false},"excerpt":{"rendered":"<p>Mozart | Pequeno Ser\u00e3o Musical Mozart | Concerto para obo\u00e9 Tchaikovsky | Serenata Maestro Andrew Swinnerton | Solista no concerto para obo\u00e9 de Mozart Orquestra de<span class=\"excerpt-hellip\"> [\u2026]<\/span><\/p>\n","protected":false},"author":2,"featured_media":5151,"comment_status":"open","ping_status":"closed","template":"","meta":{"_vp_format_video_url":"","_vp_image_focal_point":[]},"tags":[],"mec_category":[],"yoast_head":"<!-- This site is optimized with the Yoast SEO plugin v19.13 - https:\/\/yoast.com\/wordpress\/plugins\/seo\/ -->\n<title>Festival das Artes Quebra Jazz em Coimbra - occo<\/title>\n<meta name=\"robots\" content=\"index, follow, max-snippet:-1, max-image-preview:large, max-video-preview:-1\" \/>\n<link rel=\"canonical\" href=\"https:\/\/occo.pt\/events\/festival-das-artes-quebra-jazz-em-coimbra\/\" \/>\n<meta property=\"og:locale\" content=\"en_US\" \/>\n<meta property=\"og:type\" content=\"article\" \/>\n<meta property=\"og:title\" content=\"Festival das Artes Quebra Jazz em Coimbra - occo\" \/>\n<meta property=\"og:description\" content=\"Mozart | Pequeno Ser\u00e3o Musical Mozart | Concerto para obo\u00e9 Tchaikovsky | Serenata Maestro Andrew Swinnerton | Solista no concerto para obo\u00e9 de Mozart Orquestra de [\u2026]\" \/>\n<meta property=\"og:url\" content=\"https:\/\/occo.pt\/events\/festival-das-artes-quebra-jazz-em-coimbra\/\" \/>\n<meta property=\"og:site_name\" content=\"occo\" \/>\n<meta property=\"article:modified_time\" content=\"2025-07-08T09:29:59+00:00\" \/>\n<meta property=\"og:image\" content=\"https:\/\/occo.pt\/wp-content\/uploads\/2025\/06\/342819351_228362789788681_135785546748891450_n.jpg\" \/>\n\t<meta property=\"og:image:width\" content=\"2048\" \/>\n\t<meta property=\"og:image:height\" content=\"2048\" \/>\n\t<meta property=\"og:image:type\" content=\"image\/jpeg\" \/>\n<meta name=\"twitter:card\" content=\"summary_large_image\" \/>\n<meta name=\"twitter:label1\" content=\"Est. reading time\" \/>\n\t<meta name=\"twitter:data1\" content=\"1 minute\" \/>\n<script type=\"application\/ld+json\" class=\"yoast-schema-graph\">{\"@context\":\"https:\/\/schema.org\",\"@graph\":[{\"@type\":\"WebPage\",\"@id\":\"https:\/\/occo.pt\/events\/festival-das-artes-quebra-jazz-em-coimbra\/\",\"url\":\"https:\/\/occo.pt\/events\/festival-das-artes-quebra-jazz-em-coimbra\/\",\"name\":\"Festival das Artes Quebra Jazz em Coimbra - occo\",\"isPartOf\":{\"@id\":\"https:\/\/occo.pt\/en\/#website\"},\"datePublished\":\"2025-06-30T09:00:03+00:00\",\"dateModified\":\"2025-07-08T09:29:59+00:00\",\"breadcrumb\":{\"@id\":\"https:\/\/occo.pt\/events\/festival-das-artes-quebra-jazz-em-coimbra\/#breadcrumb\"},\"inLanguage\":\"en-US\",\"potentialAction\":[{\"@type\":\"ReadAction\",\"target\":[\"https:\/\/occo.pt\/events\/festival-das-artes-quebra-jazz-em-coimbra\/\"]}]},{\"@type\":\"BreadcrumbList\",\"@id\":\"https:\/\/occo.pt\/events\/festival-das-artes-quebra-jazz-em-coimbra\/#breadcrumb\",\"itemListElement\":[{\"@type\":\"ListItem\",\"position\":1,\"name\":\"In\u00edcio\",\"item\":\"https:\/\/occo.pt\/en\/\"},{\"@type\":\"ListItem\",\"position\":2,\"name\":\"Events\",\"item\":\"https:\/\/occo.pt\/events\/\"},{\"@type\":\"ListItem\",\"position\":3,\"name\":\"Festival das Artes Quebra Jazz em Coimbra\"}]},{\"@type\":\"WebSite\",\"@id\":\"https:\/\/occo.pt\/en\/#website\",\"url\":\"https:\/\/occo.pt\/en\/\",\"name\":\"occo\",\"description\":\"Orquestra de C\u00e2mara de Cascais e Oeiras\",\"potentialAction\":[{\"@type\":\"SearchAction\",\"target\":{\"@type\":\"EntryPoint\",\"urlTemplate\":\"https:\/\/occo.pt\/en\/?s={search_term_string}\"},\"query-input\":\"required name=search_term_string\"}],\"inLanguage\":\"en-US\"}]}<\/script>\n<!-- \/ Yoast SEO plugin. -->","yoast_head_json":{"title":"Festival das Artes Quebra Jazz em Coimbra - occo","robots":{"index":"index","follow":"follow","max-snippet":"max-snippet:-1","max-image-preview":"max-image-preview:large","max-video-preview":"max-video-preview:-1"},"canonical":"https:\/\/occo.pt\/events\/festival-das-artes-quebra-jazz-em-coimbra\/","og_locale":"en_US","og_type":"article","og_title":"Festival das Artes Quebra Jazz em Coimbra - occo","og_description":"Mozart | Pequeno Ser\u00e3o Musical Mozart | Concerto para obo\u00e9 Tchaikovsky | Serenata Maestro Andrew Swinnerton | Solista no concerto para obo\u00e9 de Mozart Orquestra de [\u2026]","og_url":"https:\/\/occo.pt\/events\/festival-das-artes-quebra-jazz-em-coimbra\/","og_site_name":"occo","article_modified_time":"2025-07-08T09:29:59+00:00","og_image":[{"width":2048,"height":2048,"url":"https:\/\/occo.pt\/wp-content\/uploads\/2025\/06\/342819351_228362789788681_135785546748891450_n.jpg","type":"image\/jpeg"}],"twitter_card":"summary_large_image","twitter_misc":{"Est. reading time":"1 minute"},"schema":{"@context":"https:\/\/schema.org","@graph":[{"@type":"WebPage","@id":"https:\/\/occo.pt\/events\/festival-das-artes-quebra-jazz-em-coimbra\/","url":"https:\/\/occo.pt\/events\/festival-das-artes-quebra-jazz-em-coimbra\/","name":"Festival das Artes Quebra Jazz em Coimbra - occo","isPartOf":{"@id":"https:\/\/occo.pt\/en\/#website"},"datePublished":"2025-06-30T09:00:03+00:00","dateModified":"2025-07-08T09:29:59+00:00","breadcrumb":{"@id":"https:\/\/occo.pt\/events\/festival-das-artes-quebra-jazz-em-coimbra\/#breadcrumb"},"inLanguage":"en-US","potentialAction":[{"@type":"ReadAction","target":["https:\/\/occo.pt\/events\/festival-das-artes-quebra-jazz-em-coimbra\/"]}]},{"@type":"BreadcrumbList","@id":"https:\/\/occo.pt\/events\/festival-das-artes-quebra-jazz-em-coimbra\/#breadcrumb","itemListElement":[{"@type":"ListItem","position":1,"name":"In\u00edcio","item":"https:\/\/occo.pt\/en\/"},{"@type":"ListItem","position":2,"name":"Events","item":"https:\/\/occo.pt\/events\/"},{"@type":"ListItem","position":3,"name":"Festival das Artes Quebra Jazz em Coimbra"}]},{"@type":"WebSite","@id":"https:\/\/occo.pt\/en\/#website","url":"https:\/\/occo.pt\/en\/","name":"occo","description":"Orquestra de C\u00e2mara de Cascais e Oeiras","potentialAction":[{"@type":"SearchAction","target":{"@type":"EntryPoint","urlTemplate":"https:\/\/occo.pt\/en\/?s={search_term_string}"},"query-input":"required name=search_term_string"}],"inLanguage":"en-US"}]}},"all_meta":{"_vp_words_count":"31","_wpml_word_count":"{\"total\":45,\"to_translate\":{\"en\":45}}","_edit_lock":"1751966861:2","_edit_last":"2","_wpml_media_featured":"1","_wpml_media_duplicate":"1","_wpml_location_migration_done":"1","_thumbnail_id":"5151","mec_color":"","mec_location_id":"163","mec_dont_show_map":"0","mec_organizer_id":"1","mec_read_more":"","mec_more_info":"","mec_more_info_title":"","mec_more_info_target":"_self","mec_cost":"","mec_cost_auto_calculate":"0","mec_currency":[],"mec_additional_organizer_ids":[],"mec_additional_location_ids":[],"mec_date":{"start":{"date":"2025-07-18","hour":"9","minutes":"0","ampm":"PM"},"end":{"date":"2025-07-18","hour":"9","minutes":"0","ampm":"PM"},"hide_end_time":"1","comment":"","repeat":{"type":"daily","interval":"1","advanced":"","end":"never","end_at_date":"","end_at_occurrences":"10"}},"mec_repeat":{"type":"daily","interval":"1","advanced":"","end":"never","end_at_date":"","end_at_occurrences":"10"},"mec_certain_weekdays":[],"mec_allday":"0","one_occurrence":"0","mec_hide_time":"0","mec_hide_end_time":"1","mec_comment":"","mec_timezone":"global","mec_countdown_method":"global","mec_public":"1","mec_start_date":"2025-07-18","mec_start_time_hour":"9","mec_start_time_minutes":"0","mec_start_time_ampm":"PM","mec_start_day_seconds":"75600","mec_start_datetime":"2025-07-18 09:00 PM","mec_end_date":"2025-07-18","mec_end_time_hour":"9","mec_end_time_minutes":"0","mec_end_time_ampm":"PM","mec_end_day_seconds":"75600","mec_end_datetime":"2025-07-18 09:00 PM","mec_repeat_status":"0","mec_repeat_type":"","mec_repeat_interval":"1","mec_repeat_end":"","mec_repeat_end_at_occurrences":"","mec_repeat_end_at_date":"","mec_advanced_days":[],"mec_sequence":"2","mec_in_days":"","mec_not_in_days":"","mec_hourly_schedules":[],"mec_booking":[],"mec_tickets":[],"mec_fees_global_inheritance":"1","mec_fees":[],"mec_ticket_variations_global_inheritance":"1","mec_ticket_variations":[],"mec_reg_fields_global_inheritance":"1","mec_reg_fields":[],"mec_bfixed_fields":[],"mec_op":[],"mec_fields":[],"mec_event_status":"EventScheduled","mec_moved_online_link":"","mec_cancelled_reason":"","mec_display_cancellation_reason_in_single_page":"","slide_template":"","rs_page_bg_color":"","_yoast_wpseo_content_score":"90","_yoast_wpseo_estimated-reading-time-minutes":"1","_yoast_wpseo_wordproof_timestamp":"","_vp_views_count":"285"},"_links":{"self":[{"href":"https:\/\/occo.pt\/en\/wp-json\/wp\/v2\/mec-events\/5132"}],"collection":[{"href":"https:\/\/occo.pt\/en\/wp-json\/wp\/v2\/mec-events"}],"about":[{"href":"https:\/\/occo.pt\/en\/wp-json\/wp\/v2\/types\/mec-events"}],"author":[{"embeddable":true,"href":"https:\/\/occo.pt\/en\/wp-json\/wp\/v2\/users\/2"}],"replies":[{"embeddable":true,"href":"https:\/\/occo.pt\/en\/wp-json\/wp\/v2\/comments?post=5132"}],"wp:featuredmedia":[{"embeddable":true,"href":"https:\/\/occo.pt\/en\/wp-json\/wp\/v2\/media\/5151"}],"wp:attachment":[{"href":"https:\/\/occo.pt\/en\/wp-json\/wp\/v2\/media?parent=5132"}],"wp:term":[{"taxonomy":"post_tag","embeddable":true,"href":"https:\/\/occo.pt\/en\/wp-json\/wp\/v2\/tags?post=5132"},{"taxonomy":"mec_category","embeddable":true,"href":"https:\/\/occo.pt\/en\/wp-json\/wp\/v2\/mec_category?post=5132"}],"curies":[{"name":"wp","href":"https:\/\/api.w.org\/{rel}","templated":true}]}}

<p class="p1"><b>Mozart | </b>Pequeno Serão Musical</p>
<p class="p1"><b>Mozart | </b>Concerto para oboé</p>
<p class="p1"><b>Tchaikovsky | </b>Serenata</p>
<p class="p1"><b>Maestro Andrew Swinnerton | </b>Solista no concerto para oboé de Mozart</p>
<p class="p1">Orquestra de Câmara de Cascais e Oeiras</p>

<p>Mozart | Pequeno Serão Musical Mozart | Concerto para oboé Tchaikovsky | Serenata Maestro Andrew Swinnerton | Solista no concerto para oboé de Mozart Orquestra de<span class="excerpt-hellip"> […]</span></p>

<!-- This site is optimized with the Yoast SEO plugin v19.13 - https://yoast.com/wordpress/plugins/seo/ -->
<title>Festival das Artes Quebra Jazz em Coimbra - occo</title>
<meta name="robots" content="index, follow, max-snippet:-1, max-image-preview:large, max-video-preview:-1" />
<link rel="canonical" href="https://occo.pt/events/festival-das-artes-quebra-jazz-em-coimbra/" />
<meta property="og:locale" content="en_US" />
<meta property="og:type" content="article" />
<meta property="og:title" content="Festival das Artes Quebra Jazz em Coimbra - occo" />
<meta property="og:description" content="Mozart | Pequeno Serão Musical Mozart | Concerto para oboé Tchaikovsky | Serenata Maestro Andrew Swinnerton | Solista no concerto para oboé de Mozart Orquestra de […]" />
<meta property="og:url" content="https://occo.pt/events/festival-das-artes-quebra-jazz-em-coimbra/" />
<meta property="og:site_name" content="occo" />
<meta property="article:modified_time" content="2025-07-08T09:29:59+00:00" />
<meta property="og:image" content="https://occo.pt/wp-content/uploads/2025/06/342819351_228362789788681_135785546748891450_n.jpg" />
	<meta property="og:image:width" content="2048" />
	<meta property="og:image:height" content="2048" />
	<meta property="og:image:type" content="image/jpeg" />
<meta name="twitter:card" content="summary_large_image" />
<meta name="twitter:label1" content="Est. reading time" />
	<meta name="twitter:data1" content="1 minute" />
<script type="application/ld+json" class="yoast-schema-graph">{"@context":"https://schema.org","@graph":[{"@type":"WebPage","@id":"https://occo.pt/events/festival-das-artes-quebra-jazz-em-coimbra/","url":"https://occo.pt/events/festival-das-artes-quebra-jazz-em-coimbra/","name":"Festival das Artes Quebra Jazz em Coimbra - occo","isPartOf":{"@id":"https://occo.pt/en/#website"},"datePublished":"2025-06-30T09:00:03+00:00","dateModified":"2025-07-08T09:29:59+00:00","breadcrumb":{"@id":"https://occo.pt/events/festival-das-artes-quebra-jazz-em-coimbra/#breadcrumb"},"inLanguage":"en-US","potentialAction":[{"@type":"ReadAction","target":["https://occo.pt/events/festival-das-artes-quebra-jazz-em-coimbra/"]}]},{"@type":"BreadcrumbList","@id":"https://occo.pt/events/festival-das-artes-quebra-jazz-em-coimbra/#breadcrumb","itemListElement":[{"@type":"ListItem","position":1,"name":"Início","item":"https://occo.pt/en/"},{"@type":"ListItem","position":2,"name":"Events","item":"https://occo.pt/events/"},{"@type":"ListItem","position":3,"name":"Festival das Artes Quebra Jazz em Coimbra"}]},{"@type":"WebSite","@id":"https://occo.pt/en/#website","url":"https://occo.pt/en/","name":"occo","description":"Orquestra de Câmara de Cascais e Oeiras","potentialAction":[{"@type":"SearchAction","target":{"@type":"EntryPoint","urlTemplate":"https://occo.pt/en/?s={search_term_string}"},"query-input":"required name=search_term_string"}],"inLanguage":"en-US"}]}</script>
<!-- / Yoast SEO plugin. -->

Mozart | Pequeno Serão Musical Mozart | Concerto para oboé Tchaikovsky | Serenata Maestro Andrew Swinnerton | Solista no concerto para oboé de Mozart Orquestra de […]

Início

Orquestra de Câmara de Cascais e Oeiras
